{"id":48141,"date":"2024-04-28T12:59:20","date_gmt":"2024-04-28T10:59:20","guid":{"rendered":"https:\/\/www.alpakahof-hahn.at\/shop\/?post_type=product&#038;p=48141"},"modified":"2026-01-16T15:01:00","modified_gmt":"2026-01-16T14:01:00","slug":"alpaka-wendemuetze-tannengruen-schwarz-meliert","status":"publish","type":"product","link":"https:\/\/www.alpakahof-hahn.at\/shop\/produkt\/alpaka-wendemuetze-tannengruen-schwarz-meliert\/","title":{"rendered":"Alpaka-Wendem\u00fctze tannengr\u00fcn meliert"},"content":{"rendered":"","protected":false},"excerpt":{"rendered":"<p><span style=\"font-weight: 400;\">Der Name is Programm! <\/span><\/p>\n<p><span style=\"font-weight: 400;\">Dieses h\u00fcbsche St\u00fcck ist wendbar und somit beidseitig tragbar. Somit passt diese Haube zu jedem Outfit: Ob schlicht, elegant oder sportlich, ob bunt oder zur\u00fcckhaltend. Ob als Haube, als Skim\u00fctze, als Sportm\u00fctze oder zum City-Outfit &#8211; diese M\u00fctze ist vielseitig einsetzbar und spendet wohlige W\u00e4rme!<\/span><\/p>\n<p>&nbsp;<\/p>\n<p><span style=\"font-weight: 400;\">\u2013 unisex: f\u00fcr Damen und Herren<\/span><\/p>\n<p><span style=\"font-weight: 400;\">\u2013 wendbar, beidseitig tragbar<\/span><\/p>\n<p><span style=\"font-weight: 400;\">\u2013 angenehm zum tragen<\/span><\/p>\n<p><span style=\"font-weight: 400;\">\u2013 w\u00e4rmt hervorragend<\/span><\/p>\n<p><span style=\"font-weight: 400;\">\u2013 doppelt und glattrechts gestrickt<\/span><\/p>\n<p><span style=\"font-weight: 400;\">\u2013 das ideale Geschenk f\u00fcr kalte Wintertage<\/span><\/p>\n<p><span style=\"font-weight: 400;\">\u2013 Material: 100% Alpaka (Baby Alpaka)<\/span><\/p>\n","protected":false},"featured_media":48145,"template":"","meta":{"jetpack_post_was_ever_published":false,"jetpack_publicize_message":"","jetpack_publicize_feature_enabled":true,"jetpack_social_post_already_shared":true,"jetpack_social_options":{"image_generator_settings":{"template":"highway","default_image_id":0,"font":"","enabled":false},"version":2}},"etheme_brands":[],"product_brand":[],"product_cat":[75,116],"product_tag":[],"class_list":{"0":"post-48141","1":"product","2":"type-product","3":"status-publish","4":"has-post-thumbnail","6":"product_cat-hauben","7":"product_cat-wendemuetzen","9":"first","10":"instock","11":"taxable","12":"shipping-taxable","13":"purchasable","14":"product-type-variable"},"supplier_id":null,"supplier_sku":"","barcode":null,"atum_controlled":true,"out_stock_date":null,"out_stock_threshold":null,"inheritable":true,"inbound_stock":0,"stock_on_hold":0,"sold_today":0,"sales_last_days":0,"reserved_stock":0,"customer_returns":0,"warehouse_damage":0,"lost_in_post":0,"other_logs":0,"out_stock_days":0,"lost_sales":0,"has_location":false,"update_date":"2026-04-23T09:11:25","atum_locations":[],"atum_stock_status":"instock","restock_status":false,"low_stock_amount":"","sales_update_date":"2026-04-23T09:11:25","calc_backorders":null,"yoast_head":"<!-- This site is optimized with the Yoast SEO plugin v26.5 - https:\/\/yoast.com\/wordpress\/plugins\/seo\/ -->\n<title>Alpaka-Wendem\u00fctze tannengr\u00fcn meliert - Alpaka Online-Shop<\/title>\n<meta name=\"robots\" content=\"index, follow, max-snippet:-1, max-image-preview:large, max-video-preview:-1\" \/>\n<link rel=\"canonical\" href=\"https:\/\/www.alpakahof-hahn.at\/shop\/produkt\/alpaka-wendemuetze-tannengruen-schwarz-meliert\/\" \/>\n<meta name=\"twitter:card\" content=\"summary_large_image\" \/>\n<meta name=\"twitter:title\" content=\"Alpaka-Wendem\u00fctze tannengr\u00fcn meliert - Alpaka Online-Shop\" \/>\n<meta name=\"twitter:description\" content=\"Der Name is Programm!   Dieses h\u00fcbsche St\u00fcck ist wendbar und somit beidseitig tragbar. Somit passt diese Haube zu jedem Outfit: Ob schlicht, elegant oder sportlich, ob bunt oder zur\u00fcckhaltend. Ob als Haube, als Skim\u00fctze, als Sportm\u00fctze oder zum City-Outfit - diese M\u00fctze ist vielseitig einsetzbar und spendet wohlige W\u00e4rme!  &nbsp;  \u2013 unisex: f\u00fcr Damen und Herren  \u2013 wendbar, beidseitig tragbar  \u2013 angenehm zum tragen  \u2013 w\u00e4rmt hervorragend  \u2013 doppelt und glattrechts gestrickt  \u2013 das ideale Geschenk f\u00fcr kalte Wintertage  \u2013 Material: 100% Alpaka (Baby Alpaka)\" \/>\n<meta name=\"twitter:image\" content=\"https:\/\/i0.wp.com\/www.alpakahof-hahn.at\/shop\/wp-content\/uploads\/2024\/04\/alpaka-wendemtze-aus-100-baby-alpaka-2.webp?fit=1100%2C1422&ssl=1\" \/>\n<script type=\"application\/ld+json\" class=\"yoast-schema-graph\">{\"@context\":\"https:\/\/schema.org\",\"@graph\":[{\"@type\":\"WebPage\",\"@id\":\"https:\/\/www.alpakahof-hahn.at\/shop\/produkt\/alpaka-wendemuetze-tannengruen-schwarz-meliert\/\",\"url\":\"https:\/\/www.alpakahof-hahn.at\/shop\/produkt\/alpaka-wendemuetze-tannengruen-schwarz-meliert\/\",\"name\":\"Alpaka-Wendem\u00fctze tannengr\u00fcn meliert - Alpaka Online-Shop\",\"isPartOf\":{\"@id\":\"https:\/\/www.alpakahof-hahn.at\/shop\/#website\"},\"primaryImageOfPage\":{\"@id\":\"https:\/\/www.alpakahof-hahn.at\/shop\/produkt\/alpaka-wendemuetze-tannengruen-schwarz-meliert\/#primaryimage\"},\"image\":{\"@id\":\"https:\/\/www.alpakahof-hahn.at\/shop\/produkt\/alpaka-wendemuetze-tannengruen-schwarz-meliert\/#primaryimage\"},\"thumbnailUrl\":\"https:\/\/i0.wp.com\/www.alpakahof-hahn.at\/shop\/wp-content\/uploads\/2024\/04\/alpaka-wendemtze-aus-100-baby-alpaka-2.webp?fit=1100%2C1422&ssl=1\",\"datePublished\":\"2024-04-28T10:59:20+00:00\",\"dateModified\":\"2026-01-16T14:01:00+00:00\",\"breadcrumb\":{\"@id\":\"https:\/\/www.alpakahof-hahn.at\/shop\/produkt\/alpaka-wendemuetze-tannengruen-schwarz-meliert\/#breadcrumb\"},\"inLanguage\":\"de\",\"potentialAction\":[{\"@type\":\"ReadAction\",\"target\":[\"https:\/\/www.alpakahof-hahn.at\/shop\/produkt\/alpaka-wendemuetze-tannengruen-schwarz-meliert\/\"]}]},{\"@type\":\"ImageObject\",\"inLanguage\":\"de\",\"@id\":\"https:\/\/www.alpakahof-hahn.at\/shop\/produkt\/alpaka-wendemuetze-tannengruen-schwarz-meliert\/#primaryimage\",\"url\":\"https:\/\/i0.wp.com\/www.alpakahof-hahn.at\/shop\/wp-content\/uploads\/2024\/04\/alpaka-wendemtze-aus-100-baby-alpaka-2.webp?fit=1100%2C1422&ssl=1\",\"contentUrl\":\"https:\/\/i0.wp.com\/www.alpakahof-hahn.at\/shop\/wp-content\/uploads\/2024\/04\/alpaka-wendemtze-aus-100-baby-alpaka-2.webp?fit=1100%2C1422&ssl=1\",\"width\":1100,\"height\":1422},{\"@type\":\"BreadcrumbList\",\"@id\":\"https:\/\/www.alpakahof-hahn.at\/shop\/produkt\/alpaka-wendemuetze-tannengruen-schwarz-meliert\/#breadcrumb\",\"itemListElement\":[{\"@type\":\"ListItem\",\"position\":1,\"name\":\"Shop\",\"item\":\"https:\/\/www.alpakahof-hahn.at\/shop\/\"},{\"@type\":\"ListItem\",\"position\":2,\"name\":\"Shop\",\"item\":\"https:\/\/www.alpakahof-hahn.at\/shop\/shop\/\"},{\"@type\":\"ListItem\",\"position\":3,\"name\":\"Alpaka-Wendem\u00fctze tannengr\u00fcn meliert\"}]},{\"@type\":\"WebSite\",\"@id\":\"https:\/\/www.alpakahof-hahn.at\/shop\/#website\",\"url\":\"https:\/\/www.alpakahof-hahn.at\/shop\/\",\"name\":\"Alpaka Online-Shop\",\"description\":\"Der Hofladen der Familie Hahn\",\"potentialAction\":[{\"@type\":\"SearchAction\",\"target\":{\"@type\":\"EntryPoint\",\"urlTemplate\":\"https:\/\/www.alpakahof-hahn.at\/shop\/?s={search_term_string}\"},\"query-input\":{\"@type\":\"PropertyValueSpecification\",\"valueRequired\":true,\"valueName\":\"search_term_string\"}}],\"inLanguage\":\"de\"}]}<\/script>\n<!-- \/ Yoast SEO plugin. -->","yoast_head_json":{"title":"Alpaka-Wendem\u00fctze tannengr\u00fcn meliert - Alpaka Online-Shop","robots":{"index":"index","follow":"follow","max-snippet":"max-snippet:-1","max-image-preview":"max-image-preview:large","max-video-preview":"max-video-preview:-1"},"canonical":"https:\/\/www.alpakahof-hahn.at\/shop\/produkt\/alpaka-wendemuetze-tannengruen-schwarz-meliert\/","twitter_card":"summary_large_image","twitter_title":"Alpaka-Wendem\u00fctze tannengr\u00fcn meliert - Alpaka Online-Shop","twitter_description":"Der Name is Programm!   Dieses h\u00fcbsche St\u00fcck ist wendbar und somit beidseitig tragbar. Somit passt diese Haube zu jedem Outfit: Ob schlicht, elegant oder sportlich, ob bunt oder zur\u00fcckhaltend. Ob als Haube, als Skim\u00fctze, als Sportm\u00fctze oder zum City-Outfit - diese M\u00fctze ist vielseitig einsetzbar und spendet wohlige W\u00e4rme!  &nbsp;  \u2013 unisex: f\u00fcr Damen und Herren  \u2013 wendbar, beidseitig tragbar  \u2013 angenehm zum tragen  \u2013 w\u00e4rmt hervorragend  \u2013 doppelt und glattrechts gestrickt  \u2013 das ideale Geschenk f\u00fcr kalte Wintertage  \u2013 Material: 100% Alpaka (Baby Alpaka)","twitter_image":"https:\/\/i0.wp.com\/www.alpakahof-hahn.at\/shop\/wp-content\/uploads\/2024\/04\/alpaka-wendemtze-aus-100-baby-alpaka-2.webp?fit=1100%2C1422&ssl=1","schema":{"@context":"https:\/\/schema.org","@graph":[{"@type":"WebPage","@id":"https:\/\/www.alpakahof-hahn.at\/shop\/produkt\/alpaka-wendemuetze-tannengruen-schwarz-meliert\/","url":"https:\/\/www.alpakahof-hahn.at\/shop\/produkt\/alpaka-wendemuetze-tannengruen-schwarz-meliert\/","name":"Alpaka-Wendem\u00fctze tannengr\u00fcn meliert - Alpaka Online-Shop","isPartOf":{"@id":"https:\/\/www.alpakahof-hahn.at\/shop\/#website"},"primaryImageOfPage":{"@id":"https:\/\/www.alpakahof-hahn.at\/shop\/produkt\/alpaka-wendemuetze-tannengruen-schwarz-meliert\/#primaryimage"},"image":{"@id":"https:\/\/www.alpakahof-hahn.at\/shop\/produkt\/alpaka-wendemuetze-tannengruen-schwarz-meliert\/#primaryimage"},"thumbnailUrl":"https:\/\/i0.wp.com\/www.alpakahof-hahn.at\/shop\/wp-content\/uploads\/2024\/04\/alpaka-wendemtze-aus-100-baby-alpaka-2.webp?fit=1100%2C1422&ssl=1","datePublished":"2024-04-28T10:59:20+00:00","dateModified":"2026-01-16T14:01:00+00:00","breadcrumb":{"@id":"https:\/\/www.alpakahof-hahn.at\/shop\/produkt\/alpaka-wendemuetze-tannengruen-schwarz-meliert\/#breadcrumb"},"inLanguage":"de","potentialAction":[{"@type":"ReadAction","target":["https:\/\/www.alpakahof-hahn.at\/shop\/produkt\/alpaka-wendemuetze-tannengruen-schwarz-meliert\/"]}]},{"@type":"ImageObject","inLanguage":"de","@id":"https:\/\/www.alpakahof-hahn.at\/shop\/produkt\/alpaka-wendemuetze-tannengruen-schwarz-meliert\/#primaryimage","url":"https:\/\/i0.wp.com\/www.alpakahof-hahn.at\/shop\/wp-content\/uploads\/2024\/04\/alpaka-wendemtze-aus-100-baby-alpaka-2.webp?fit=1100%2C1422&ssl=1","contentUrl":"https:\/\/i0.wp.com\/www.alpakahof-hahn.at\/shop\/wp-content\/uploads\/2024\/04\/alpaka-wendemtze-aus-100-baby-alpaka-2.webp?fit=1100%2C1422&ssl=1","width":1100,"height":1422},{"@type":"BreadcrumbList","@id":"https:\/\/www.alpakahof-hahn.at\/shop\/produkt\/alpaka-wendemuetze-tannengruen-schwarz-meliert\/#breadcrumb","itemListElement":[{"@type":"ListItem","position":1,"name":"Shop","item":"https:\/\/www.alpakahof-hahn.at\/shop\/"},{"@type":"ListItem","position":2,"name":"Shop","item":"https:\/\/www.alpakahof-hahn.at\/shop\/shop\/"},{"@type":"ListItem","position":3,"name":"Alpaka-Wendem\u00fctze tannengr\u00fcn meliert"}]},{"@type":"WebSite","@id":"https:\/\/www.alpakahof-hahn.at\/shop\/#website","url":"https:\/\/www.alpakahof-hahn.at\/shop\/","name":"Alpaka Online-Shop","description":"Der Hofladen der Familie Hahn","potentialAction":[{"@type":"SearchAction","target":{"@type":"EntryPoint","urlTemplate":"https:\/\/www.alpakahof-hahn.at\/shop\/?s={search_term_string}"},"query-input":{"@type":"PropertyValueSpecification","valueRequired":true,"valueName":"search_term_string"}}],"inLanguage":"de"}]}},"jetpack_publicize_connections":[],"jetpack_sharing_enabled":true,"jetpack-related-posts":[{"id":48135,"url":"https:\/\/www.alpakahof-hahn.at\/shop\/produkt\/alpaka-wendemuetze-petrol-meliert\/","url_meta":{"origin":48141,"position":0},"title":"Alpaka-Wendem\u00fctze petrol-tuerkis meliert","author":"Manuel Hahn","date":"28. April 2024","format":false,"excerpt":"Der Name is Programm! Dieses h\u00fcbsche St\u00fcck ist wendbar und somit beidseitig tragbar. Somit passt diese Haube zu jedem Outfit: Ob schlicht, elegant oder sportlich, ob bunt oder zur\u00fcckhaltend. Ob als Haube, als Skim\u00fctze, als Sportm\u00fctze oder zum City-Outfit - diese M\u00fctze ist vielseitig einsetzbar und spendet wohlige W\u00e4rme! \u00a0\u2026","rel":"","context":"\u00c4hnlicher Beitrag","block_context":{"text":"\u00c4hnlicher Beitrag","link":""},"img":{"alt_text":"","src":"https:\/\/i0.wp.com\/www.alpakahof-hahn.at\/shop\/wp-content\/uploads\/2024\/04\/alpaka-wendemtze-aus-100-baby-alpaka.webp?fit=928%2C1200&ssl=1&resize=350%2C200","width":350,"height":200,"srcset":"https:\/\/i0.wp.com\/www.alpakahof-hahn.at\/shop\/wp-content\/uploads\/2024\/04\/alpaka-wendemtze-aus-100-baby-alpaka.webp?fit=928%2C1200&ssl=1&resize=350%2C200 1x, https:\/\/i0.wp.com\/www.alpakahof-hahn.at\/shop\/wp-content\/uploads\/2024\/04\/alpaka-wendemtze-aus-100-baby-alpaka.webp?fit=928%2C1200&ssl=1&resize=525%2C300 1.5x, https:\/\/i0.wp.com\/www.alpakahof-hahn.at\/shop\/wp-content\/uploads\/2024\/04\/alpaka-wendemtze-aus-100-baby-alpaka.webp?fit=928%2C1200&ssl=1&resize=700%2C400 2x"},"classes":[]},{"id":4604,"url":"https:\/\/www.alpakahof-hahn.at\/shop\/produkt\/alpaka-wendemuetze-jeansblau-grau\/","url_meta":{"origin":48141,"position":1},"title":"Alpaka-Wendem\u00fctze jeansblau-grau","author":"Manuel Hahn","date":"1. Mai 2017","format":false,"excerpt":"Der Name is Programm! Dieses h\u00fcbsche St\u00fcck ist wendbar und somit beidseitig tragbar. Somit passt diese Haube zu jedem Outfit: Ob schlicht, elegant oder sportlich, ob bunt oder zur\u00fcckhaltend. Ob als Haube, als Skim\u00fctze, als Sportm\u00fctze oder zum City-Outfit - diese M\u00fctze ist vielseitig einsetzbar und spendet wohlige W\u00e4rme! \u00a0\u2026","rel":"","context":"\u00c4hnlicher Beitrag","block_context":{"text":"\u00c4hnlicher Beitrag","link":""},"img":{"alt_text":"","src":"https:\/\/i0.wp.com\/www.alpakahof-hahn.at\/shop\/wp-content\/uploads\/2017\/05\/07057-jeansblau-grau-neu-06.jpg?fit=800%2C800&ssl=1&resize=350%2C200","width":350,"height":200,"srcset":"https:\/\/i0.wp.com\/www.alpakahof-hahn.at\/shop\/wp-content\/uploads\/2017\/05\/07057-jeansblau-grau-neu-06.jpg?fit=800%2C800&ssl=1&resize=350%2C200 1x, https:\/\/i0.wp.com\/www.alpakahof-hahn.at\/shop\/wp-content\/uploads\/2017\/05\/07057-jeansblau-grau-neu-06.jpg?fit=800%2C800&ssl=1&resize=525%2C300 1.5x, https:\/\/i0.wp.com\/www.alpakahof-hahn.at\/shop\/wp-content\/uploads\/2017\/05\/07057-jeansblau-grau-neu-06.jpg?fit=800%2C800&ssl=1&resize=700%2C400 2x"},"classes":[]},{"id":4600,"url":"https:\/\/www.alpakahof-hahn.at\/shop\/produkt\/alpaka-wendemuetze-rot-grau\/","url_meta":{"origin":48141,"position":2},"title":"Alpaka-Wendem\u00fctze rot-grau","author":"Manuel Hahn","date":"1. Mai 2017","format":false,"excerpt":"Der Name is Programm! Dieses h\u00fcbsche St\u00fcck ist wendbar und somit beidseitig tragbar. Somit passt diese Haube zu jedem Outfit: Ob schlicht, elegant oder sportlich, ob bunt oder zur\u00fcckhaltend. Ob als Haube, als Skim\u00fctze, als Sportm\u00fctze oder zum City-Outfit - diese M\u00fctze ist vielseitig einsetzbar und spendet wohlige W\u00e4rme! \u00a0\u2026","rel":"","context":"\u00c4hnlicher Beitrag","block_context":{"text":"\u00c4hnlicher Beitrag","link":""},"img":{"alt_text":"","src":"https:\/\/i0.wp.com\/www.alpakahof-hahn.at\/shop\/wp-content\/uploads\/2017\/05\/07057-rot-01a.jpg?fit=791%2C791&ssl=1&resize=350%2C200","width":350,"height":200,"srcset":"https:\/\/i0.wp.com\/www.alpakahof-hahn.at\/shop\/wp-content\/uploads\/2017\/05\/07057-rot-01a.jpg?fit=791%2C791&ssl=1&resize=350%2C200 1x, https:\/\/i0.wp.com\/www.alpakahof-hahn.at\/shop\/wp-content\/uploads\/2017\/05\/07057-rot-01a.jpg?fit=791%2C791&ssl=1&resize=525%2C300 1.5x, https:\/\/i0.wp.com\/www.alpakahof-hahn.at\/shop\/wp-content\/uploads\/2017\/05\/07057-rot-01a.jpg?fit=791%2C791&ssl=1&resize=700%2C400 2x"},"classes":[]},{"id":4609,"url":"https:\/\/www.alpakahof-hahn.at\/shop\/produkt\/alpaka-wendemuetze-rot-schwarz-meliert\/","url_meta":{"origin":48141,"position":3},"title":"Alpaka-Wendem\u00fctze rot-schwarz meliert","author":"Manuel Hahn","date":"1. Mai 2017","format":false,"excerpt":"Der Name is Programm! Dieses h\u00fcbsche St\u00fcck ist wendbar und somit beidseitig tragbar. Somit passt diese Haube zu jedem Outfit: Ob schlicht, elegant oder sportlich, ob bunt oder zur\u00fcckhaltend. Ob als Haube, als Skim\u00fctze, als Sportm\u00fctze oder zum City-Outfit - diese M\u00fctze ist vielseitig einsetzbar und spendet wohlige W\u00e4rme! \u00a0\u2026","rel":"","context":"\u00c4hnlicher Beitrag","block_context":{"text":"\u00c4hnlicher Beitrag","link":""},"img":{"alt_text":"","src":"https:\/\/i0.wp.com\/www.alpakahof-hahn.at\/shop\/wp-content\/uploads\/2017\/05\/07057-rotmeliert-schwarz-neu-01.jpg?fit=800%2C800&ssl=1&resize=350%2C200","width":350,"height":200,"srcset":"https:\/\/i0.wp.com\/www.alpakahof-hahn.at\/shop\/wp-content\/uploads\/2017\/05\/07057-rotmeliert-schwarz-neu-01.jpg?fit=800%2C800&ssl=1&resize=350%2C200 1x, https:\/\/i0.wp.com\/www.alpakahof-hahn.at\/shop\/wp-content\/uploads\/2017\/05\/07057-rotmeliert-schwarz-neu-01.jpg?fit=800%2C800&ssl=1&resize=525%2C300 1.5x, https:\/\/i0.wp.com\/www.alpakahof-hahn.at\/shop\/wp-content\/uploads\/2017\/05\/07057-rotmeliert-schwarz-neu-01.jpg?fit=800%2C800&ssl=1&resize=700%2C400 2x"},"classes":[]},{"id":4594,"url":"https:\/\/www.alpakahof-hahn.at\/shop\/produkt\/alpaka-wendemuetze-schwarz-grau\/","url_meta":{"origin":48141,"position":4},"title":"Alpaka-Wendem\u00fctze schwarz-grau","author":"Manuel Hahn","date":"1. Mai 2017","format":false,"excerpt":"Sch\u00f6n, schlicht und wendbar. Diese tolle Wendem\u00fctze ist wie der Name schon hergibt wendbar. Das bedeutet Sie haben zwei M\u00fctzen in zwei verschiedenen Farben in einer. Tragen Sie sie casual im Alltag , in der Freizeit oder Sportlich w\u00e4hrend des Joggens. Durch die verschiedenen Farben im Sortiment k\u00f6nnen Sie die\u2026","rel":"","context":"\u00c4hnlicher Beitrag","block_context":{"text":"\u00c4hnlicher Beitrag","link":""},"img":{"alt_text":"","src":"https:\/\/i0.wp.com\/www.alpakahof-hahn.at\/shop\/wp-content\/uploads\/2017\/05\/07057-schwarz-grau-neu-01.jpg?fit=800%2C800&ssl=1&resize=350%2C200","width":350,"height":200,"srcset":"https:\/\/i0.wp.com\/www.alpakahof-hahn.at\/shop\/wp-content\/uploads\/2017\/05\/07057-schwarz-grau-neu-01.jpg?fit=800%2C800&ssl=1&resize=350%2C200 1x, https:\/\/i0.wp.com\/www.alpakahof-hahn.at\/shop\/wp-content\/uploads\/2017\/05\/07057-schwarz-grau-neu-01.jpg?fit=800%2C800&ssl=1&resize=525%2C300 1.5x, https:\/\/i0.wp.com\/www.alpakahof-hahn.at\/shop\/wp-content\/uploads\/2017\/05\/07057-schwarz-grau-neu-01.jpg?fit=800%2C800&ssl=1&resize=700%2C400 2x"},"classes":[]},{"id":40783,"url":"https:\/\/www.alpakahof-hahn.at\/shop\/produkt\/alpaka-turnbeutel-aus-bio-baumwolle\/","url_meta":{"origin":48141,"position":5},"title":"Alpaka Turnbeutel &#8220;Wengan streicheln warads&#8221;","author":"Manuel Hahn","date":"10. Dezember 2020","format":false,"excerpt":"Dieser stylische Alpaka-Turnbeutel aus 100% Bio-Baumwolle ist der ideale Begleiter durch den Alltag. Mit dem Spruch drauf ein Muss f\u00fcr jeden Alpaka-Fan. Der Stoff aus 100% Baumwolle ist hochwertiger und belastbarer als durchschnittliche Turnbeutel aus Baumwolle. Kurzum: Das perfekte Geschenk f\u00fcr deine Lieben oder dich selbst. In schwarz passend zum\u2026","rel":"","context":"\u00c4hnlicher Beitrag","block_context":{"text":"\u00c4hnlicher Beitrag","link":""},"img":{"alt_text":"","src":"https:\/\/i0.wp.com\/www.alpakahof-hahn.at\/shop\/wp-content\/uploads\/2020\/12\/Turnbeutel-Beispiel-2.jpg?fit=621%2C580&ssl=1&resize=350%2C200","width":350,"height":200,"srcset":"https:\/\/i0.wp.com\/www.alpakahof-hahn.at\/shop\/wp-content\/uploads\/2020\/12\/Turnbeutel-Beispiel-2.jpg?fit=621%2C580&ssl=1&resize=350%2C200 1x, https:\/\/i0.wp.com\/www.alpakahof-hahn.at\/shop\/wp-content\/uploads\/2020\/12\/Turnbeutel-Beispiel-2.jpg?fit=621%2C580&ssl=1&resize=525%2C300 1.5x"},"classes":[]}],"_links":{"self":[{"href":"https:\/\/www.alpakahof-hahn.at\/shop\/wp-json\/wp\/v2\/product\/48141","targetHints":{"allow":["GET"]}}],"collection":[{"href":"https:\/\/www.alpakahof-hahn.at\/shop\/wp-json\/wp\/v2\/product"}],"about":[{"href":"https:\/\/www.alpakahof-hahn.at\/shop\/wp-json\/wp\/v2\/types\/product"}],"wp:featuredmedia":[{"embeddable":true,"href":"https:\/\/www.alpakahof-hahn.at\/shop\/wp-json\/wp\/v2\/media\/48145"}],"wp:attachment":[{"href":"https:\/\/www.alpakahof-hahn.at\/shop\/wp-json\/wp\/v2\/media?parent=48141"}],"wp:term":[{"taxonomy":"brand","embeddable":true,"href":"https:\/\/www.alpakahof-hahn.at\/shop\/wp-json\/wp\/v2\/etheme_brands?post=48141"},{"taxonomy":"product_brand","embeddable":true,"href":"https:\/\/www.alpakahof-hahn.at\/shop\/wp-json\/wp\/v2\/product_brand?post=48141"},{"taxonomy":"product_cat","embeddable":true,"href":"https:\/\/www.alpakahof-hahn.at\/shop\/wp-json\/wp\/v2\/product_cat?post=48141"},{"taxonomy":"product_tag","embeddable":true,"href":"https:\/\/www.alpakahof-hahn.at\/shop\/wp-json\/wp\/v2\/product_tag?post=48141"}],"curies":[{"name":"wp","href":"https:\/\/api.w.org\/{rel}","templated":true}]}}