{"id":46310,"date":"2021-11-30T21:41:52","date_gmt":"2021-11-30T20:41:52","guid":{"rendered":"https:\/\/www.alpakahof-hahn.at\/shop\/?post_type=product&#038;p=46310"},"modified":"2023-12-09T10:23:09","modified_gmt":"2023-12-09T09:23:09","slug":"baby-alpaka-kindersocken-klein-baby-blau","status":"publish","type":"product","link":"https:\/\/www.alpakahof-hahn.at\/shop\/produkt\/baby-alpaka-kindersocken-klein-baby-blau\/","title":{"rendered":"Baby Alpaka Kindersocken baby-blau"},"content":{"rendered":"<p>\u2013 Material: 70% Alpaka (Baby Alpaka), 25% Baumwolle, (Pima Baumwolle), 5% Nylon<\/p>\n<p>\u2013 Farbe: baby-blau<\/p>\n<p>&nbsp;<\/p>\n<p>Zus\u00e4tzliche Information:<\/p>\n<p>Handw\u00e4sche und chemische Reinigung sind m\u00f6glich. Bitte wringen Sie die Socken nicht aus, schleudern Sie diese nicht und geben Sie diese nicht in den Trockner.<\/p>\n","protected":false},"excerpt":{"rendered":"<p><span style=\"font-weight: 400;\">Die zarten F\u00fc\u00dfchen unserer Kleinsten brauchen besonders viel Pflege. Das kann schon bei der Auswahl der Kleidung anfangen! <\/span><\/p>\n<p><span style=\"font-weight: 400;\">Dank der feinen Beschaffenheit der Alpaka Kinder-Socken sind diese wohlig warm und flauschig weich &#8211; sogar weicher als Kaschmir!\u00a0<\/span><span style=\"font-weight: 400;\">Besonders geeignet sind diese S\u00f6ckchen auch f\u00fcr Neurodermitiker oder besonders sensible Haut, da die Alpaka-Faser so gut wie kein Lanolin (Wollfett) beinhaltet.<\/span><\/p>\n<p><span style=\"font-weight: 400;\">\u2013 Besonders hautfreundlich Dank dem geringen Anteil an Lanolin<\/span><\/p>\n<p><span style=\"font-weight: 400;\">\u2013 Besonders geeignet f\u00fcr Neurodermitiker und besonders sensible Haut<\/span><\/p>\n<p><span style=\"font-weight: 400;\">\u2013 Keine Chance f\u00fcr kalte F\u00fc\u00dfe dank Baby Alpaka Qualit\u00e4t<\/span><\/p>\n<p><span style=\"font-weight: 400;\">\u2013 Hoher Tragekomfort &#8211; flauschige Weichheit<\/span><\/p>\n<p><span style=\"font-weight: 400;\">\u2013 prima Geschenk f\u00fcr Babys<\/span><\/p>\n<p>&nbsp;<\/p>\n","protected":false},"featured_media":46317,"template":"","meta":{"jetpack_post_was_ever_published":false,"jetpack_publicize_message":"","jetpack_publicize_feature_enabled":true,"jetpack_social_post_already_shared":true,"jetpack_social_options":{"image_generator_settings":{"template":"highway","default_image_id":0,"font":"","enabled":false},"version":2}},"etheme_brands":[],"product_brand":[],"product_cat":[112,80],"product_tag":[],"class_list":{"0":"post-46310","1":"product","2":"type-product","3":"status-publish","4":"has-post-thumbnail","6":"product_cat-alpaka-kindersocken","7":"product_cat-socken","9":"first","10":"outofstock","11":"taxable","12":"shipping-taxable","13":"purchasable","14":"product-type-variable"},"supplier_id":null,"supplier_sku":"","barcode":null,"atum_controlled":true,"out_stock_date":null,"out_stock_threshold":null,"inheritable":true,"inbound_stock":0,"stock_on_hold":0,"sold_today":0,"sales_last_days":0,"reserved_stock":0,"customer_returns":0,"warehouse_damage":0,"lost_in_post":0,"other_logs":0,"out_stock_days":0,"lost_sales":0,"has_location":false,"update_date":"2026-05-01T10:01:48","atum_locations":[],"atum_stock_status":"outofstock","restock_status":false,"low_stock_amount":"","sales_update_date":"2026-05-01T10:01:48","calc_backorders":null,"yoast_head":"<!-- This site is optimized with the Yoast SEO plugin v26.5 - https:\/\/yoast.com\/wordpress\/plugins\/seo\/ -->\n<title>Baby Alpaka Kindersocken baby-blau - Alpaka Online-Shop<\/title>\n<meta name=\"robots\" content=\"index, follow, max-snippet:-1, max-image-preview:large, max-video-preview:-1\" \/>\n<link rel=\"canonical\" href=\"https:\/\/www.alpakahof-hahn.at\/shop\/produkt\/baby-alpaka-kindersocken-klein-baby-blau\/\" \/>\n<meta name=\"twitter:card\" content=\"summary_large_image\" \/>\n<meta name=\"twitter:title\" content=\"Baby Alpaka Kindersocken baby-blau - Alpaka Online-Shop\" \/>\n<meta name=\"twitter:description\" content=\"Die zarten F\u00fc\u00dfchen unserer Kleinsten brauchen besonders viel Pflege. Das kann schon bei der Auswahl der Kleidung anfangen!   Dank der feinen Beschaffenheit der Alpaka Kinder-Socken sind diese wohlig warm und flauschig weich - sogar weicher als Kaschmir!\u00a0Besonders geeignet sind diese S\u00f6ckchen auch f\u00fcr Neurodermitiker oder besonders sensible Haut, da die Alpaka-Faser so gut wie kein Lanolin (Wollfett) beinhaltet.  \u2013 Besonders hautfreundlich Dank dem geringen Anteil an Lanolin  \u2013 Besonders geeignet f\u00fcr Neurodermitiker und besonders sensible Haut  \u2013 Keine Chance f\u00fcr kalte F\u00fc\u00dfe dank Baby Alpaka Qualit\u00e4t  \u2013 Hoher Tragekomfort - flauschige Weichheit  \u2013 prima Geschenk f\u00fcr Babys  &nbsp;\" \/>\n<meta name=\"twitter:image\" content=\"https:\/\/i0.wp.com\/www.alpakahof-hahn.at\/shop\/wp-content\/uploads\/2021\/11\/alpaka-socken-kinder-gr-15-29-aus-70-baby-alpaka-25-baumwolle.jpg?fit=928%2C1200&ssl=1\" \/>\n<meta name=\"twitter:label1\" content=\"Gesch\u00e4tzte Lesezeit\" \/>\n\t<meta name=\"twitter:data1\" content=\"1\u00a0Minute\" \/>\n<script type=\"application\/ld+json\" class=\"yoast-schema-graph\">{\"@context\":\"https:\/\/schema.org\",\"@graph\":[{\"@type\":\"WebPage\",\"@id\":\"https:\/\/www.alpakahof-hahn.at\/shop\/produkt\/baby-alpaka-kindersocken-klein-baby-blau\/\",\"url\":\"https:\/\/www.alpakahof-hahn.at\/shop\/produkt\/baby-alpaka-kindersocken-klein-baby-blau\/\",\"name\":\"Baby Alpaka Kindersocken baby-blau - Alpaka Online-Shop\",\"isPartOf\":{\"@id\":\"https:\/\/www.alpakahof-hahn.at\/shop\/#website\"},\"primaryImageOfPage\":{\"@id\":\"https:\/\/www.alpakahof-hahn.at\/shop\/produkt\/baby-alpaka-kindersocken-klein-baby-blau\/#primaryimage\"},\"image\":{\"@id\":\"https:\/\/www.alpakahof-hahn.at\/shop\/produkt\/baby-alpaka-kindersocken-klein-baby-blau\/#primaryimage\"},\"thumbnailUrl\":\"https:\/\/i0.wp.com\/www.alpakahof-hahn.at\/shop\/wp-content\/uploads\/2021\/11\/alpaka-socken-kinder-gr-15-29-aus-70-baby-alpaka-25-baumwolle.jpg?fit=928%2C1200&ssl=1\",\"datePublished\":\"2021-11-30T20:41:52+00:00\",\"dateModified\":\"2023-12-09T09:23:09+00:00\",\"breadcrumb\":{\"@id\":\"https:\/\/www.alpakahof-hahn.at\/shop\/produkt\/baby-alpaka-kindersocken-klein-baby-blau\/#breadcrumb\"},\"inLanguage\":\"de\",\"potentialAction\":[{\"@type\":\"ReadAction\",\"target\":[\"https:\/\/www.alpakahof-hahn.at\/shop\/produkt\/baby-alpaka-kindersocken-klein-baby-blau\/\"]}]},{\"@type\":\"ImageObject\",\"inLanguage\":\"de\",\"@id\":\"https:\/\/www.alpakahof-hahn.at\/shop\/produkt\/baby-alpaka-kindersocken-klein-baby-blau\/#primaryimage\",\"url\":\"https:\/\/i0.wp.com\/www.alpakahof-hahn.at\/shop\/wp-content\/uploads\/2021\/11\/alpaka-socken-kinder-gr-15-29-aus-70-baby-alpaka-25-baumwolle.jpg?fit=928%2C1200&ssl=1\",\"contentUrl\":\"https:\/\/i0.wp.com\/www.alpakahof-hahn.at\/shop\/wp-content\/uploads\/2021\/11\/alpaka-socken-kinder-gr-15-29-aus-70-baby-alpaka-25-baumwolle.jpg?fit=928%2C1200&ssl=1\",\"width\":928,\"height\":1200},{\"@type\":\"BreadcrumbList\",\"@id\":\"https:\/\/www.alpakahof-hahn.at\/shop\/produkt\/baby-alpaka-kindersocken-klein-baby-blau\/#breadcrumb\",\"itemListElement\":[{\"@type\":\"ListItem\",\"position\":1,\"name\":\"Shop\",\"item\":\"https:\/\/www.alpakahof-hahn.at\/shop\/\"},{\"@type\":\"ListItem\",\"position\":2,\"name\":\"Shop\",\"item\":\"https:\/\/www.alpakahof-hahn.at\/shop\/shop\/\"},{\"@type\":\"ListItem\",\"position\":3,\"name\":\"Baby Alpaka Kindersocken baby-blau\"}]},{\"@type\":\"WebSite\",\"@id\":\"https:\/\/www.alpakahof-hahn.at\/shop\/#website\",\"url\":\"https:\/\/www.alpakahof-hahn.at\/shop\/\",\"name\":\"Alpaka Online-Shop\",\"description\":\"Der Hofladen der Familie Hahn\",\"potentialAction\":[{\"@type\":\"SearchAction\",\"target\":{\"@type\":\"EntryPoint\",\"urlTemplate\":\"https:\/\/www.alpakahof-hahn.at\/shop\/?s={search_term_string}\"},\"query-input\":{\"@type\":\"PropertyValueSpecification\",\"valueRequired\":true,\"valueName\":\"search_term_string\"}}],\"inLanguage\":\"de\"}]}<\/script>\n<!-- \/ Yoast SEO plugin. -->","yoast_head_json":{"title":"Baby Alpaka Kindersocken baby-blau - Alpaka Online-Shop","robots":{"index":"index","follow":"follow","max-snippet":"max-snippet:-1","max-image-preview":"max-image-preview:large","max-video-preview":"max-video-preview:-1"},"canonical":"https:\/\/www.alpakahof-hahn.at\/shop\/produkt\/baby-alpaka-kindersocken-klein-baby-blau\/","twitter_card":"summary_large_image","twitter_title":"Baby Alpaka Kindersocken baby-blau - Alpaka Online-Shop","twitter_description":"Die zarten F\u00fc\u00dfchen unserer Kleinsten brauchen besonders viel Pflege. Das kann schon bei der Auswahl der Kleidung anfangen!   Dank der feinen Beschaffenheit der Alpaka Kinder-Socken sind diese wohlig warm und flauschig weich - sogar weicher als Kaschmir!\u00a0Besonders geeignet sind diese S\u00f6ckchen auch f\u00fcr Neurodermitiker oder besonders sensible Haut, da die Alpaka-Faser so gut wie kein Lanolin (Wollfett) beinhaltet.  \u2013 Besonders hautfreundlich Dank dem geringen Anteil an Lanolin  \u2013 Besonders geeignet f\u00fcr Neurodermitiker und besonders sensible Haut  \u2013 Keine Chance f\u00fcr kalte F\u00fc\u00dfe dank Baby Alpaka Qualit\u00e4t  \u2013 Hoher Tragekomfort - flauschige Weichheit  \u2013 prima Geschenk f\u00fcr Babys  &nbsp;","twitter_image":"https:\/\/i0.wp.com\/www.alpakahof-hahn.at\/shop\/wp-content\/uploads\/2021\/11\/alpaka-socken-kinder-gr-15-29-aus-70-baby-alpaka-25-baumwolle.jpg?fit=928%2C1200&ssl=1","twitter_misc":{"Gesch\u00e4tzte Lesezeit":"1\u00a0Minute"},"schema":{"@context":"https:\/\/schema.org","@graph":[{"@type":"WebPage","@id":"https:\/\/www.alpakahof-hahn.at\/shop\/produkt\/baby-alpaka-kindersocken-klein-baby-blau\/","url":"https:\/\/www.alpakahof-hahn.at\/shop\/produkt\/baby-alpaka-kindersocken-klein-baby-blau\/","name":"Baby Alpaka Kindersocken baby-blau - Alpaka Online-Shop","isPartOf":{"@id":"https:\/\/www.alpakahof-hahn.at\/shop\/#website"},"primaryImageOfPage":{"@id":"https:\/\/www.alpakahof-hahn.at\/shop\/produkt\/baby-alpaka-kindersocken-klein-baby-blau\/#primaryimage"},"image":{"@id":"https:\/\/www.alpakahof-hahn.at\/shop\/produkt\/baby-alpaka-kindersocken-klein-baby-blau\/#primaryimage"},"thumbnailUrl":"https:\/\/i0.wp.com\/www.alpakahof-hahn.at\/shop\/wp-content\/uploads\/2021\/11\/alpaka-socken-kinder-gr-15-29-aus-70-baby-alpaka-25-baumwolle.jpg?fit=928%2C1200&ssl=1","datePublished":"2021-11-30T20:41:52+00:00","dateModified":"2023-12-09T09:23:09+00:00","breadcrumb":{"@id":"https:\/\/www.alpakahof-hahn.at\/shop\/produkt\/baby-alpaka-kindersocken-klein-baby-blau\/#breadcrumb"},"inLanguage":"de","potentialAction":[{"@type":"ReadAction","target":["https:\/\/www.alpakahof-hahn.at\/shop\/produkt\/baby-alpaka-kindersocken-klein-baby-blau\/"]}]},{"@type":"ImageObject","inLanguage":"de","@id":"https:\/\/www.alpakahof-hahn.at\/shop\/produkt\/baby-alpaka-kindersocken-klein-baby-blau\/#primaryimage","url":"https:\/\/i0.wp.com\/www.alpakahof-hahn.at\/shop\/wp-content\/uploads\/2021\/11\/alpaka-socken-kinder-gr-15-29-aus-70-baby-alpaka-25-baumwolle.jpg?fit=928%2C1200&ssl=1","contentUrl":"https:\/\/i0.wp.com\/www.alpakahof-hahn.at\/shop\/wp-content\/uploads\/2021\/11\/alpaka-socken-kinder-gr-15-29-aus-70-baby-alpaka-25-baumwolle.jpg?fit=928%2C1200&ssl=1","width":928,"height":1200},{"@type":"BreadcrumbList","@id":"https:\/\/www.alpakahof-hahn.at\/shop\/produkt\/baby-alpaka-kindersocken-klein-baby-blau\/#breadcrumb","itemListElement":[{"@type":"ListItem","position":1,"name":"Shop","item":"https:\/\/www.alpakahof-hahn.at\/shop\/"},{"@type":"ListItem","position":2,"name":"Shop","item":"https:\/\/www.alpakahof-hahn.at\/shop\/shop\/"},{"@type":"ListItem","position":3,"name":"Baby Alpaka Kindersocken baby-blau"}]},{"@type":"WebSite","@id":"https:\/\/www.alpakahof-hahn.at\/shop\/#website","url":"https:\/\/www.alpakahof-hahn.at\/shop\/","name":"Alpaka Online-Shop","description":"Der Hofladen der Familie Hahn","potentialAction":[{"@type":"SearchAction","target":{"@type":"EntryPoint","urlTemplate":"https:\/\/www.alpakahof-hahn.at\/shop\/?s={search_term_string}"},"query-input":{"@type":"PropertyValueSpecification","valueRequired":true,"valueName":"search_term_string"}}],"inLanguage":"de"}]}},"jetpack_publicize_connections":[],"jetpack_sharing_enabled":true,"jetpack-related-posts":[{"id":46432,"url":"https:\/\/www.alpakahof-hahn.at\/shop\/produkt\/baby-kinder-alpaka-kindersocken-wollweiss\/","url_meta":{"origin":46310,"position":0},"title":"Baby &#038; Kinder Alpaka Kindersocken wollweiss","author":"Manuel Hahn","date":"5. Dezember 2021","format":false,"excerpt":"Die zarten F\u00fc\u00dfchen unserer Kleinsten brauchen besonders viel Pflege. Das kann schon bei der Auswahl der Kleidung anfangen! Dank der feinen Beschaffenheit der Alpaka Kinder-Socken sind diese wohlig warm und flauschig weich - sogar weicher als Kaschmir!\u00a0Besonders geeignet sind diese S\u00f6ckchen auch f\u00fcr Neurodermitiker oder besonders sensible Haut, da die\u2026","rel":"","context":"\u00c4hnlicher Beitrag","block_context":{"text":"\u00c4hnlicher Beitrag","link":""},"img":{"alt_text":"","src":"https:\/\/i0.wp.com\/www.alpakahof-hahn.at\/shop\/wp-content\/uploads\/2021\/12\/Alpaka-baby-kinder-socken-wollweiss-Alpakahof-Hahn-2.jpg?fit=527%2C800&ssl=1&resize=350%2C200","width":350,"height":200,"srcset":"https:\/\/i0.wp.com\/www.alpakahof-hahn.at\/shop\/wp-content\/uploads\/2021\/12\/Alpaka-baby-kinder-socken-wollweiss-Alpakahof-Hahn-2.jpg?fit=527%2C800&ssl=1&resize=350%2C200 1x, https:\/\/i0.wp.com\/www.alpakahof-hahn.at\/shop\/wp-content\/uploads\/2021\/12\/Alpaka-baby-kinder-socken-wollweiss-Alpakahof-Hahn-2.jpg?fit=527%2C800&ssl=1&resize=525%2C300 1.5x"},"classes":[]},{"id":4524,"url":"https:\/\/www.alpakahof-hahn.at\/shop\/produkt\/baby-alpaka-kindersocken-klein-grau\/","url_meta":{"origin":46310,"position":1},"title":"Baby Alpaka Kindersocken klein grau","author":"Manuel Hahn","date":"1. Mai 2017","format":false,"excerpt":"Die zarten F\u00fc\u00dfchen unserer Kleinsten brauchen besonders viel Pflege. Das kann schon bei der Auswahl der Kleidung anfangen! Dank der feinen Beschaffenheit der Alpaka Kinder-Socken sind diese wohlig warm und flauschig weich - sogar weicher als Kaschmir!\u00a0Besonders geeignet sind diese S\u00f6ckchen auch f\u00fcr Neurodermitiker oder besonders sensible Haut, da die\u2026","rel":"","context":"\u00c4hnlicher Beitrag","block_context":{"text":"\u00c4hnlicher Beitrag","link":""},"img":{"alt_text":"","src":"https:\/\/i0.wp.com\/www.alpakahof-hahn.at\/shop\/wp-content\/uploads\/2017\/05\/10046-silber-01a.jpg?fit=527%2C800&ssl=1&resize=350%2C200","width":350,"height":200,"srcset":"https:\/\/i0.wp.com\/www.alpakahof-hahn.at\/shop\/wp-content\/uploads\/2017\/05\/10046-silber-01a.jpg?fit=527%2C800&ssl=1&resize=350%2C200 1x, https:\/\/i0.wp.com\/www.alpakahof-hahn.at\/shop\/wp-content\/uploads\/2017\/05\/10046-silber-01a.jpg?fit=527%2C800&ssl=1&resize=525%2C300 1.5x"},"classes":[]},{"id":5096,"url":"https:\/\/www.alpakahof-hahn.at\/shop\/produkt\/alpaka-business-socken-grau\/","url_meta":{"origin":46310,"position":2},"title":"Alpaka Business Socken grau","author":"Manuel Hahn","date":"24. Juli 2017","format":false,"excerpt":"Diese Business Socken in hochwertiger Fasermischung sind besonders strapazierf\u00e4hig und zeichnen sich durch einen hohen Tragekomfort aus. Daher sind diese Socken auch ideal f\u00fcr Arzt-, Schwestern- oder Gesundheit\u2019s-Socken f\u00fcr alle, die im medizinischen Bereich und im Krankenhaus arbeiten, geeignet. Durch den gerignen Anteil an Lanolin (Wollfett) in der Alpaka-Faser, ist\u2026","rel":"","context":"\u00c4hnlicher Beitrag","block_context":{"text":"\u00c4hnlicher Beitrag","link":""},"img":{"alt_text":"","src":"https:\/\/i0.wp.com\/www.alpakahof-hahn.at\/shop\/wp-content\/uploads\/2017\/07\/alpaka-business-socken-grau-1.jpg?fit=526%2C800&ssl=1&resize=350%2C200","width":350,"height":200,"srcset":"https:\/\/i0.wp.com\/www.alpakahof-hahn.at\/shop\/wp-content\/uploads\/2017\/07\/alpaka-business-socken-grau-1.jpg?fit=526%2C800&ssl=1&resize=350%2C200 1x, https:\/\/i0.wp.com\/www.alpakahof-hahn.at\/shop\/wp-content\/uploads\/2017\/07\/alpaka-business-socken-grau-1.jpg?fit=526%2C800&ssl=1&resize=525%2C300 1.5x"},"classes":[]},{"id":4528,"url":"https:\/\/www.alpakahof-hahn.at\/shop\/produkt\/alpaka-business-socken-dunkelgrau\/","url_meta":{"origin":46310,"position":3},"title":"Alpaka Business Socken dunkelgrau","author":"Manuel Hahn","date":"1. Mai 2017","format":false,"excerpt":"Diese Business Socken in hochwertiger Fasermischung sind besonders strapazierf\u00e4hig und zeichnen sich durch einen hohen Tragekomfort aus. Daher sind diese Socken auch ideal f\u00fcr Arzt-, Schwestern- oder Gesundheit\u2019s-Socken f\u00fcr alle, die im medizinischen Bereich und im Krankenhaus arbeiten, geeignet. Durch den gerignen Anteil an Lanolin (Wollfett) in der Alpaka-Faser, ist\u2026","rel":"","context":"\u00c4hnlicher Beitrag","block_context":{"text":"\u00c4hnlicher Beitrag","link":""},"img":{"alt_text":"","src":"https:\/\/i0.wp.com\/www.alpakahof-hahn.at\/shop\/wp-content\/uploads\/2017\/05\/10007-business-socken-alpaka-damen-herren-apu-kuntur-dunkel-grau-02.jpg?fit=527%2C800&ssl=1&resize=350%2C200","width":350,"height":200,"srcset":"https:\/\/i0.wp.com\/www.alpakahof-hahn.at\/shop\/wp-content\/uploads\/2017\/05\/10007-business-socken-alpaka-damen-herren-apu-kuntur-dunkel-grau-02.jpg?fit=527%2C800&ssl=1&resize=350%2C200 1x, https:\/\/i0.wp.com\/www.alpakahof-hahn.at\/shop\/wp-content\/uploads\/2017\/05\/10007-business-socken-alpaka-damen-herren-apu-kuntur-dunkel-grau-02.jpg?fit=527%2C800&ssl=1&resize=525%2C300 1.5x"},"classes":[]},{"id":4718,"url":"https:\/\/www.alpakahof-hahn.at\/shop\/produkt\/alpaka-ski-socken-damen-herren\/","url_meta":{"origin":46310,"position":4},"title":"Alpaka SKI-SOCKEN Damen &#038; Herren","author":"Manuel Hahn","date":"6. Mai 2017","format":false,"excerpt":"Stets trockene F\u00fc\u00dfe auch auf der Skipiste! Die \u00a0Alpaka-Sport-Socken bieten h\u00f6chsten Tragekomfort. Durch den komfortablen Bund und die lange Schafth\u00f6he gibt es kein unangenehmes Zwicken und Dr\u00fccken mehr. Noch dazu bleiben die F\u00fc\u00dfe wohlig warm und trocken! Dank der Alpaka-Faser haben diese Socken eine besonders thermoregulierende Eigenschaft - dadurch gibt\u2026","rel":"","context":"\u00c4hnlicher Beitrag","block_context":{"text":"\u00c4hnlicher Beitrag","link":""},"img":{"alt_text":"","src":"https:\/\/i0.wp.com\/www.alpakahof-hahn.at\/shop\/wp-content\/uploads\/2017\/05\/10032-alpaka-ski-socken-stutzen-stru%CC%88mpfe-damen-herren-knie-apu-kuntur-schwarz-grau-01.jpg?fit=527%2C800&ssl=1&resize=350%2C200","width":350,"height":200,"srcset":"https:\/\/i0.wp.com\/www.alpakahof-hahn.at\/shop\/wp-content\/uploads\/2017\/05\/10032-alpaka-ski-socken-stutzen-stru%CC%88mpfe-damen-herren-knie-apu-kuntur-schwarz-grau-01.jpg?fit=527%2C800&ssl=1&resize=350%2C200 1x, https:\/\/i0.wp.com\/www.alpakahof-hahn.at\/shop\/wp-content\/uploads\/2017\/05\/10032-alpaka-ski-socken-stutzen-stru%CC%88mpfe-damen-herren-knie-apu-kuntur-schwarz-grau-01.jpg?fit=527%2C800&ssl=1&resize=525%2C300 1.5x"},"classes":[]},{"id":5358,"url":"https:\/\/www.alpakahof-hahn.at\/shop\/produkt\/alpaka-wolle-grau\/","url_meta":{"origin":46310,"position":5},"title":"Alpaka-Wolle graut\u00f6ne","author":"Manuel Hahn","date":"16. Oktober 2018","format":false,"excerpt":"Diese vierfach gezwirnte Alpaka-Socken-Wolle f\u00fcr die Nadel-St\u00e4rke 2,5 zeichnet sich durch fr\u00f6hliche Farb-Kombinationen und durch eine robuste, jedoch komfortable Faser-Kombination aus.\u00a0 Sie ist hervorragend geeignet zum Stricken und H\u00e4keln von Socken, Str\u00fcmpfen oder Hausschuhen oder auch von Accessoires wie Bein-Stulpen, welche besonders widerstandsf\u00e4hig und doch angenehm, warm und atmungsaktiv sein\u2026","rel":"","context":"\u00c4hnlicher Beitrag","block_context":{"text":"\u00c4hnlicher Beitrag","link":""},"img":{"alt_text":"","src":"https:\/\/i0.wp.com\/www.alpakahof-hahn.at\/shop\/wp-content\/uploads\/2018\/10\/15055-alpaka-wolle-grau.jpg?fit=1200%2C1037&ssl=1&resize=350%2C200","width":350,"height":200,"srcset":"https:\/\/i0.wp.com\/www.alpakahof-hahn.at\/shop\/wp-content\/uploads\/2018\/10\/15055-alpaka-wolle-grau.jpg?fit=1200%2C1037&ssl=1&resize=350%2C200 1x, https:\/\/i0.wp.com\/www.alpakahof-hahn.at\/shop\/wp-content\/uploads\/2018\/10\/15055-alpaka-wolle-grau.jpg?fit=1200%2C1037&ssl=1&resize=525%2C300 1.5x, https:\/\/i0.wp.com\/www.alpakahof-hahn.at\/shop\/wp-content\/uploads\/2018\/10\/15055-alpaka-wolle-grau.jpg?fit=1200%2C1037&ssl=1&resize=700%2C400 2x, https:\/\/i0.wp.com\/www.alpakahof-hahn.at\/shop\/wp-content\/uploads\/2018\/10\/15055-alpaka-wolle-grau.jpg?fit=1200%2C1037&ssl=1&resize=1050%2C600 3x"},"classes":[]}],"_links":{"self":[{"href":"https:\/\/www.alpakahof-hahn.at\/shop\/wp-json\/wp\/v2\/product\/46310","targetHints":{"allow":["GET"]}}],"collection":[{"href":"https:\/\/www.alpakahof-hahn.at\/shop\/wp-json\/wp\/v2\/product"}],"about":[{"href":"https:\/\/www.alpakahof-hahn.at\/shop\/wp-json\/wp\/v2\/types\/product"}],"wp:featuredmedia":[{"embeddable":true,"href":"https:\/\/www.alpakahof-hahn.at\/shop\/wp-json\/wp\/v2\/media\/46317"}],"wp:attachment":[{"href":"https:\/\/www.alpakahof-hahn.at\/shop\/wp-json\/wp\/v2\/media?parent=46310"}],"wp:term":[{"taxonomy":"brand","embeddable":true,"href":"https:\/\/www.alpakahof-hahn.at\/shop\/wp-json\/wp\/v2\/etheme_brands?post=46310"},{"taxonomy":"product_brand","embeddable":true,"href":"https:\/\/www.alpakahof-hahn.at\/shop\/wp-json\/wp\/v2\/product_brand?post=46310"},{"taxonomy":"product_cat","embeddable":true,"href":"https:\/\/www.alpakahof-hahn.at\/shop\/wp-json\/wp\/v2\/product_cat?post=46310"},{"taxonomy":"product_tag","embeddable":true,"href":"https:\/\/www.alpakahof-hahn.at\/shop\/wp-json\/wp\/v2\/product_tag?post=46310"}],"curies":[{"name":"wp","href":"https:\/\/api.w.org\/{rel}","templated":true}]}}