{"id":46060,"date":"2021-11-23T19:07:51","date_gmt":"2021-11-23T18:07:51","guid":{"rendered":"https:\/\/www.alpakahof-hahn.at\/shop\/?post_type=product&#038;p=46060"},"modified":"2026-01-12T20:48:44","modified_gmt":"2026-01-12T19:48:44","slug":"wollstrick-haube-wollweiss","status":"publish","type":"product","link":"https:\/\/www.alpakahof-hahn.at\/shop\/produkt\/wollstrick-haube-wollweiss\/","title":{"rendered":"Wollstrick Haube wollweiss"},"content":{"rendered":"","protected":false},"excerpt":{"rendered":"<p>Besteht aus 100% Baby Alpaka. Eine Haube, die f\u00fcr jeden Anlass passt, wohlig warm h\u00e4lt und durch den Rippenstrickbund perfekt sitzt.<\/p>\n<p>Gr\u00f6\u00dfe: One Size<br \/>\nFarbe: Wollwei\u00df<br \/>\nHersteller: Apu Kuntur, Peru<\/p>\n","protected":false},"featured_media":46061,"template":"","meta":{"jetpack_post_was_ever_published":false,"jetpack_publicize_message":"","jetpack_publicize_feature_enabled":true,"jetpack_social_post_already_shared":true,"jetpack_social_options":{"image_generator_settings":{"template":"highway","default_image_id":0,"font":"","enabled":false},"version":2}},"etheme_brands":[],"product_brand":[],"product_cat":[75],"product_tag":[],"class_list":{"0":"post-46060","1":"product","2":"type-product","3":"status-publish","4":"has-post-thumbnail","6":"product_cat-hauben","8":"first","9":"instock","10":"taxable","11":"shipping-taxable","12":"purchasable","13":"product-type-simple"},"supplier_id":null,"supplier_sku":"","barcode":null,"atum_controlled":true,"out_stock_date":null,"out_stock_threshold":null,"inheritable":false,"inbound_stock":0,"stock_on_hold":0,"sold_today":0,"sales_last_days":0,"reserved_stock":0,"customer_returns":0,"warehouse_damage":0,"lost_in_post":0,"other_logs":0,"out_stock_days":0,"lost_sales":0,"has_location":false,"update_date":"2026-05-04T10:19:43","atum_locations":[],"atum_stock_status":"instock","restock_status":false,"low_stock_amount":"","sales_update_date":"2026-05-04T10:19:43","calc_backorders":null,"yoast_head":"<!-- This site is optimized with the Yoast SEO plugin v26.5 - https:\/\/yoast.com\/wordpress\/plugins\/seo\/ -->\n<title>Wollstrick Haube wollweiss - Alpaka Online-Shop<\/title>\n<meta name=\"robots\" content=\"index, follow, max-snippet:-1, max-image-preview:large, max-video-preview:-1\" \/>\n<link rel=\"canonical\" href=\"https:\/\/www.alpakahof-hahn.at\/shop\/produkt\/wollstrick-haube-wollweiss\/\" \/>\n<meta name=\"twitter:card\" content=\"summary_large_image\" \/>\n<meta name=\"twitter:title\" content=\"Wollstrick Haube wollweiss - Alpaka Online-Shop\" \/>\n<meta name=\"twitter:description\" content=\"Besteht aus 100% Baby Alpaka. Eine Haube, die f\u00fcr jeden Anlass passt, wohlig warm h\u00e4lt und durch den Rippenstrickbund perfekt sitzt.  Gr\u00f6\u00dfe: One Size Farbe: Wollwei\u00df Hersteller: Apu Kuntur, Peru\" \/>\n<meta name=\"twitter:image\" content=\"https:\/\/i0.wp.com\/www.alpakahof-hahn.at\/shop\/wp-content\/uploads\/2021\/11\/Alpaka-Haube-Wollstrick-Weiss-Alpakahof-Hahn-1.jpg?fit=1080%2C1080&ssl=1\" \/>\n<script type=\"application\/ld+json\" class=\"yoast-schema-graph\">{\"@context\":\"https:\/\/schema.org\",\"@graph\":[{\"@type\":\"WebPage\",\"@id\":\"https:\/\/www.alpakahof-hahn.at\/shop\/produkt\/wollstrick-haube-wollweiss\/\",\"url\":\"https:\/\/www.alpakahof-hahn.at\/shop\/produkt\/wollstrick-haube-wollweiss\/\",\"name\":\"Wollstrick Haube wollweiss - Alpaka Online-Shop\",\"isPartOf\":{\"@id\":\"https:\/\/www.alpakahof-hahn.at\/shop\/#website\"},\"primaryImageOfPage\":{\"@id\":\"https:\/\/www.alpakahof-hahn.at\/shop\/produkt\/wollstrick-haube-wollweiss\/#primaryimage\"},\"image\":{\"@id\":\"https:\/\/www.alpakahof-hahn.at\/shop\/produkt\/wollstrick-haube-wollweiss\/#primaryimage\"},\"thumbnailUrl\":\"https:\/\/i0.wp.com\/www.alpakahof-hahn.at\/shop\/wp-content\/uploads\/2021\/11\/Alpaka-Haube-Wollstrick-Weiss-Alpakahof-Hahn-1.jpg?fit=1080%2C1080&ssl=1\",\"datePublished\":\"2021-11-23T18:07:51+00:00\",\"dateModified\":\"2026-01-12T19:48:44+00:00\",\"breadcrumb\":{\"@id\":\"https:\/\/www.alpakahof-hahn.at\/shop\/produkt\/wollstrick-haube-wollweiss\/#breadcrumb\"},\"inLanguage\":\"de\",\"potentialAction\":[{\"@type\":\"ReadAction\",\"target\":[\"https:\/\/www.alpakahof-hahn.at\/shop\/produkt\/wollstrick-haube-wollweiss\/\"]}]},{\"@type\":\"ImageObject\",\"inLanguage\":\"de\",\"@id\":\"https:\/\/www.alpakahof-hahn.at\/shop\/produkt\/wollstrick-haube-wollweiss\/#primaryimage\",\"url\":\"https:\/\/i0.wp.com\/www.alpakahof-hahn.at\/shop\/wp-content\/uploads\/2021\/11\/Alpaka-Haube-Wollstrick-Weiss-Alpakahof-Hahn-1.jpg?fit=1080%2C1080&ssl=1\",\"contentUrl\":\"https:\/\/i0.wp.com\/www.alpakahof-hahn.at\/shop\/wp-content\/uploads\/2021\/11\/Alpaka-Haube-Wollstrick-Weiss-Alpakahof-Hahn-1.jpg?fit=1080%2C1080&ssl=1\",\"width\":1080,\"height\":1080},{\"@type\":\"BreadcrumbList\",\"@id\":\"https:\/\/www.alpakahof-hahn.at\/shop\/produkt\/wollstrick-haube-wollweiss\/#breadcrumb\",\"itemListElement\":[{\"@type\":\"ListItem\",\"position\":1,\"name\":\"Shop\",\"item\":\"https:\/\/www.alpakahof-hahn.at\/shop\/\"},{\"@type\":\"ListItem\",\"position\":2,\"name\":\"Shop\",\"item\":\"https:\/\/www.alpakahof-hahn.at\/shop\/shop\/\"},{\"@type\":\"ListItem\",\"position\":3,\"name\":\"Wollstrick Haube wollweiss\"}]},{\"@type\":\"WebSite\",\"@id\":\"https:\/\/www.alpakahof-hahn.at\/shop\/#website\",\"url\":\"https:\/\/www.alpakahof-hahn.at\/shop\/\",\"name\":\"Alpaka Online-Shop\",\"description\":\"Der Hofladen der Familie Hahn\",\"potentialAction\":[{\"@type\":\"SearchAction\",\"target\":{\"@type\":\"EntryPoint\",\"urlTemplate\":\"https:\/\/www.alpakahof-hahn.at\/shop\/?s={search_term_string}\"},\"query-input\":{\"@type\":\"PropertyValueSpecification\",\"valueRequired\":true,\"valueName\":\"search_term_string\"}}],\"inLanguage\":\"de\"}]}<\/script>\n<!-- \/ Yoast SEO plugin. -->","yoast_head_json":{"title":"Wollstrick Haube wollweiss - Alpaka Online-Shop","robots":{"index":"index","follow":"follow","max-snippet":"max-snippet:-1","max-image-preview":"max-image-preview:large","max-video-preview":"max-video-preview:-1"},"canonical":"https:\/\/www.alpakahof-hahn.at\/shop\/produkt\/wollstrick-haube-wollweiss\/","twitter_card":"summary_large_image","twitter_title":"Wollstrick Haube wollweiss - Alpaka Online-Shop","twitter_description":"Besteht aus 100% Baby Alpaka. Eine Haube, die f\u00fcr jeden Anlass passt, wohlig warm h\u00e4lt und durch den Rippenstrickbund perfekt sitzt.  Gr\u00f6\u00dfe: One Size Farbe: Wollwei\u00df Hersteller: Apu Kuntur, Peru","twitter_image":"https:\/\/i0.wp.com\/www.alpakahof-hahn.at\/shop\/wp-content\/uploads\/2021\/11\/Alpaka-Haube-Wollstrick-Weiss-Alpakahof-Hahn-1.jpg?fit=1080%2C1080&ssl=1","schema":{"@context":"https:\/\/schema.org","@graph":[{"@type":"WebPage","@id":"https:\/\/www.alpakahof-hahn.at\/shop\/produkt\/wollstrick-haube-wollweiss\/","url":"https:\/\/www.alpakahof-hahn.at\/shop\/produkt\/wollstrick-haube-wollweiss\/","name":"Wollstrick Haube wollweiss - Alpaka Online-Shop","isPartOf":{"@id":"https:\/\/www.alpakahof-hahn.at\/shop\/#website"},"primaryImageOfPage":{"@id":"https:\/\/www.alpakahof-hahn.at\/shop\/produkt\/wollstrick-haube-wollweiss\/#primaryimage"},"image":{"@id":"https:\/\/www.alpakahof-hahn.at\/shop\/produkt\/wollstrick-haube-wollweiss\/#primaryimage"},"thumbnailUrl":"https:\/\/i0.wp.com\/www.alpakahof-hahn.at\/shop\/wp-content\/uploads\/2021\/11\/Alpaka-Haube-Wollstrick-Weiss-Alpakahof-Hahn-1.jpg?fit=1080%2C1080&ssl=1","datePublished":"2021-11-23T18:07:51+00:00","dateModified":"2026-01-12T19:48:44+00:00","breadcrumb":{"@id":"https:\/\/www.alpakahof-hahn.at\/shop\/produkt\/wollstrick-haube-wollweiss\/#breadcrumb"},"inLanguage":"de","potentialAction":[{"@type":"ReadAction","target":["https:\/\/www.alpakahof-hahn.at\/shop\/produkt\/wollstrick-haube-wollweiss\/"]}]},{"@type":"ImageObject","inLanguage":"de","@id":"https:\/\/www.alpakahof-hahn.at\/shop\/produkt\/wollstrick-haube-wollweiss\/#primaryimage","url":"https:\/\/i0.wp.com\/www.alpakahof-hahn.at\/shop\/wp-content\/uploads\/2021\/11\/Alpaka-Haube-Wollstrick-Weiss-Alpakahof-Hahn-1.jpg?fit=1080%2C1080&ssl=1","contentUrl":"https:\/\/i0.wp.com\/www.alpakahof-hahn.at\/shop\/wp-content\/uploads\/2021\/11\/Alpaka-Haube-Wollstrick-Weiss-Alpakahof-Hahn-1.jpg?fit=1080%2C1080&ssl=1","width":1080,"height":1080},{"@type":"BreadcrumbList","@id":"https:\/\/www.alpakahof-hahn.at\/shop\/produkt\/wollstrick-haube-wollweiss\/#breadcrumb","itemListElement":[{"@type":"ListItem","position":1,"name":"Shop","item":"https:\/\/www.alpakahof-hahn.at\/shop\/"},{"@type":"ListItem","position":2,"name":"Shop","item":"https:\/\/www.alpakahof-hahn.at\/shop\/shop\/"},{"@type":"ListItem","position":3,"name":"Wollstrick Haube wollweiss"}]},{"@type":"WebSite","@id":"https:\/\/www.alpakahof-hahn.at\/shop\/#website","url":"https:\/\/www.alpakahof-hahn.at\/shop\/","name":"Alpaka Online-Shop","description":"Der Hofladen der Familie Hahn","potentialAction":[{"@type":"SearchAction","target":{"@type":"EntryPoint","urlTemplate":"https:\/\/www.alpakahof-hahn.at\/shop\/?s={search_term_string}"},"query-input":{"@type":"PropertyValueSpecification","valueRequired":true,"valueName":"search_term_string"}}],"inLanguage":"de"}]}},"jetpack_publicize_connections":[],"jetpack_sharing_enabled":true,"jetpack-related-posts":[{"id":47089,"url":"https:\/\/www.alpakahof-hahn.at\/shop\/produkt\/stirnband-biesen-baby-alpaka-wollweiss\/","url_meta":{"origin":46060,"position":0},"title":"Stirnband Biesen Baby Alpaka wollweiss","author":"Manuel Hahn","date":"26. Oktober 2022","format":false,"excerpt":"Einzigartig warm und stylisch zugleich. Das Alpaka Stirnband mit Biesen-Struktur-Strick aus reiner Baby Alpaka Wolle. - aufw\u00e4ndiges Strickmuster - gerafft durch kleines, zierendes Rippenb\u00fcndchen - Bandbreite: ca.13cm Material: 100% Alpaka (Baby Alpaka) Fair von Apu Kuntur in Peru hergestellt.","rel":"","context":"\u00c4hnlicher Beitrag","block_context":{"text":"\u00c4hnlicher Beitrag","link":""},"img":{"alt_text":"","src":"https:\/\/i0.wp.com\/www.alpakahof-hahn.at\/shop\/wp-content\/uploads\/2022\/10\/alpaka-stirnband-biesen-1-alpakahof-hahn.jpg?fit=475%2C720&ssl=1&resize=350%2C200","width":350,"height":200},"classes":[]},{"id":46432,"url":"https:\/\/www.alpakahof-hahn.at\/shop\/produkt\/baby-kinder-alpaka-kindersocken-wollweiss\/","url_meta":{"origin":46060,"position":1},"title":"Baby &#038; Kinder Alpaka Kindersocken wollweiss","author":"Manuel Hahn","date":"5. Dezember 2021","format":false,"excerpt":"Die zarten F\u00fc\u00dfchen unserer Kleinsten brauchen besonders viel Pflege. Das kann schon bei der Auswahl der Kleidung anfangen! Dank der feinen Beschaffenheit der Alpaka Kinder-Socken sind diese wohlig warm und flauschig weich - sogar weicher als Kaschmir!\u00a0Besonders geeignet sind diese S\u00f6ckchen auch f\u00fcr Neurodermitiker oder besonders sensible Haut, da die\u2026","rel":"","context":"\u00c4hnlicher Beitrag","block_context":{"text":"\u00c4hnlicher Beitrag","link":""},"img":{"alt_text":"","src":"https:\/\/i0.wp.com\/www.alpakahof-hahn.at\/shop\/wp-content\/uploads\/2021\/12\/Alpaka-baby-kinder-socken-wollweiss-Alpakahof-Hahn-2.jpg?fit=527%2C800&ssl=1&resize=350%2C200","width":350,"height":200,"srcset":"https:\/\/i0.wp.com\/www.alpakahof-hahn.at\/shop\/wp-content\/uploads\/2021\/12\/Alpaka-baby-kinder-socken-wollweiss-Alpakahof-Hahn-2.jpg?fit=527%2C800&ssl=1&resize=350%2C200 1x, https:\/\/i0.wp.com\/www.alpakahof-hahn.at\/shop\/wp-content\/uploads\/2021\/12\/Alpaka-baby-kinder-socken-wollweiss-Alpakahof-Hahn-2.jpg?fit=527%2C800&ssl=1&resize=525%2C300 1.5x"},"classes":[]},{"id":33054,"url":"https:\/\/www.alpakahof-hahn.at\/shop\/produkt\/alpaka-haube-gefuettert-gelia\/","url_meta":{"origin":46060,"position":2},"title":"Alpaka GELIA Haube gef\u00fcttert","author":"Manuel Hahn","date":"15. November 2020","format":false,"excerpt":"Diese Alpaka Haube aus feiner Baby Alpaka Wolle. \u2013 Material: 100% Alpaka (Baby Alpaka) \u2013 Futter: 100% Baumwolle \u2013 Teil der Serie GELIA \u2013 hervorragende Passform \u2013 top-modischer aufwendiger Jacquard-Strick","rel":"","context":"\u00c4hnlicher Beitrag","block_context":{"text":"\u00c4hnlicher Beitrag","link":""},"img":{"alt_text":"","src":"https:\/\/i0.wp.com\/www.alpakahof-hahn.at\/shop\/wp-content\/uploads\/2020\/11\/alpaka-haube-rot-alpakahof-hahn1.jpg?fit=600%2C600&ssl=1&resize=350%2C200","width":350,"height":200,"srcset":"https:\/\/i0.wp.com\/www.alpakahof-hahn.at\/shop\/wp-content\/uploads\/2020\/11\/alpaka-haube-rot-alpakahof-hahn1.jpg?fit=600%2C600&ssl=1&resize=350%2C200 1x, https:\/\/i0.wp.com\/www.alpakahof-hahn.at\/shop\/wp-content\/uploads\/2020\/11\/alpaka-haube-rot-alpakahof-hahn1.jpg?fit=600%2C600&ssl=1&resize=525%2C300 1.5x"},"classes":[]},{"id":46073,"url":"https:\/\/www.alpakahof-hahn.at\/shop\/produkt\/wollstrick-haube-purpur\/","url_meta":{"origin":46060,"position":3},"title":"Wollstrick Haube purpur","author":"Manuel Hahn","date":"23. November 2021","format":false,"excerpt":"Besteht aus 100% Baby Alpaka. Eine Haube, die f\u00fcr jeden Anlass passt, wohlig warm h\u00e4lt und durch den Rippenstrickbund perfekt sitzt. Gr\u00f6\u00dfe: One Size Farbe: Purpur Hersteller: Apu Kuntur, Peru","rel":"","context":"\u00c4hnlicher Beitrag","block_context":{"text":"\u00c4hnlicher Beitrag","link":""},"img":{"alt_text":"","src":"https:\/\/i0.wp.com\/www.alpakahof-hahn.at\/shop\/wp-content\/uploads\/2021\/11\/Alpaka-Haube-Wollstrick-purpur-Alpakahof-Hahn-1.jpg?fit=1080%2C1080&ssl=1&resize=350%2C200","width":350,"height":200,"srcset":"https:\/\/i0.wp.com\/www.alpakahof-hahn.at\/shop\/wp-content\/uploads\/2021\/11\/Alpaka-Haube-Wollstrick-purpur-Alpakahof-Hahn-1.jpg?fit=1080%2C1080&ssl=1&resize=350%2C200 1x, https:\/\/i0.wp.com\/www.alpakahof-hahn.at\/shop\/wp-content\/uploads\/2021\/11\/Alpaka-Haube-Wollstrick-purpur-Alpakahof-Hahn-1.jpg?fit=1080%2C1080&ssl=1&resize=525%2C300 1.5x, https:\/\/i0.wp.com\/www.alpakahof-hahn.at\/shop\/wp-content\/uploads\/2021\/11\/Alpaka-Haube-Wollstrick-purpur-Alpakahof-Hahn-1.jpg?fit=1080%2C1080&ssl=1&resize=700%2C400 2x, https:\/\/i0.wp.com\/www.alpakahof-hahn.at\/shop\/wp-content\/uploads\/2021\/11\/Alpaka-Haube-Wollstrick-purpur-Alpakahof-Hahn-1.jpg?fit=1080%2C1080&ssl=1&resize=1050%2C600 3x"},"classes":[]},{"id":48151,"url":"https:\/\/www.alpakahof-hahn.at\/shop\/produkt\/wollstrick-haube-anthrazit\/","url_meta":{"origin":46060,"position":4},"title":"Wollstrick Haube anthrazit","author":"Manuel Hahn","date":"28. April 2024","format":false,"excerpt":"Besteht aus 100% Baby Alpaka. Eine Haube, die f\u00fcr jeden Anlass passt, wohlig warm h\u00e4lt und durch den Rippenstrickbund perfekt sitzt. Gr\u00f6\u00dfe: One Size Farbe: Anthrazit Hersteller: Apu Kuntur, Peru","rel":"","context":"\u00c4hnlicher Beitrag","block_context":{"text":"\u00c4hnlicher Beitrag","link":""},"img":{"alt_text":"","src":"https:\/\/i0.wp.com\/www.alpakahof-hahn.at\/shop\/wp-content\/uploads\/2024\/04\/alpaka-basken-mtze-biesen-aus-100-baby-alpaka.webp?fit=928%2C1200&ssl=1&resize=350%2C200","width":350,"height":200,"srcset":"https:\/\/i0.wp.com\/www.alpakahof-hahn.at\/shop\/wp-content\/uploads\/2024\/04\/alpaka-basken-mtze-biesen-aus-100-baby-alpaka.webp?fit=928%2C1200&ssl=1&resize=350%2C200 1x, https:\/\/i0.wp.com\/www.alpakahof-hahn.at\/shop\/wp-content\/uploads\/2024\/04\/alpaka-basken-mtze-biesen-aus-100-baby-alpaka.webp?fit=928%2C1200&ssl=1&resize=525%2C300 1.5x, https:\/\/i0.wp.com\/www.alpakahof-hahn.at\/shop\/wp-content\/uploads\/2024\/04\/alpaka-basken-mtze-biesen-aus-100-baby-alpaka.webp?fit=928%2C1200&ssl=1&resize=700%2C400 2x"},"classes":[]},{"id":46055,"url":"https:\/\/www.alpakahof-hahn.at\/shop\/produkt\/wollstrick-haube-sand\/","url_meta":{"origin":46060,"position":5},"title":"Wollstrick Haube sand","author":"Manuel Hahn","date":"23. November 2021","format":false,"excerpt":"Besteht aus 100% Baby Alpaka. Eine Haube, die f\u00fcr jeden Anlass passt, wohlig warm h\u00e4lt und durch den Rippenstrickbund perfekt sitzt. Gr\u00f6\u00dfe: One Size Farbe: Sand Hersteller: Apu Kuntur, Peru","rel":"","context":"\u00c4hnlicher Beitrag","block_context":{"text":"\u00c4hnlicher Beitrag","link":""},"img":{"alt_text":"","src":"https:\/\/i0.wp.com\/www.alpakahof-hahn.at\/shop\/wp-content\/uploads\/2021\/11\/Alpaka-Haube-Wollstrick-Sand-Alpakahof-Hahn-1.jpg?fit=1080%2C1080&ssl=1&resize=350%2C200","width":350,"height":200,"srcset":"https:\/\/i0.wp.com\/www.alpakahof-hahn.at\/shop\/wp-content\/uploads\/2021\/11\/Alpaka-Haube-Wollstrick-Sand-Alpakahof-Hahn-1.jpg?fit=1080%2C1080&ssl=1&resize=350%2C200 1x, https:\/\/i0.wp.com\/www.alpakahof-hahn.at\/shop\/wp-content\/uploads\/2021\/11\/Alpaka-Haube-Wollstrick-Sand-Alpakahof-Hahn-1.jpg?fit=1080%2C1080&ssl=1&resize=525%2C300 1.5x, https:\/\/i0.wp.com\/www.alpakahof-hahn.at\/shop\/wp-content\/uploads\/2021\/11\/Alpaka-Haube-Wollstrick-Sand-Alpakahof-Hahn-1.jpg?fit=1080%2C1080&ssl=1&resize=700%2C400 2x, https:\/\/i0.wp.com\/www.alpakahof-hahn.at\/shop\/wp-content\/uploads\/2021\/11\/Alpaka-Haube-Wollstrick-Sand-Alpakahof-Hahn-1.jpg?fit=1080%2C1080&ssl=1&resize=1050%2C600 3x"},"classes":[]}],"_links":{"self":[{"href":"https:\/\/www.alpakahof-hahn.at\/shop\/wp-json\/wp\/v2\/product\/46060","targetHints":{"allow":["GET"]}}],"collection":[{"href":"https:\/\/www.alpakahof-hahn.at\/shop\/wp-json\/wp\/v2\/product"}],"about":[{"href":"https:\/\/www.alpakahof-hahn.at\/shop\/wp-json\/wp\/v2\/types\/product"}],"wp:featuredmedia":[{"embeddable":true,"href":"https:\/\/www.alpakahof-hahn.at\/shop\/wp-json\/wp\/v2\/media\/46061"}],"wp:attachment":[{"href":"https:\/\/www.alpakahof-hahn.at\/shop\/wp-json\/wp\/v2\/media?parent=46060"}],"wp:term":[{"taxonomy":"brand","embeddable":true,"href":"https:\/\/www.alpakahof-hahn.at\/shop\/wp-json\/wp\/v2\/etheme_brands?post=46060"},{"taxonomy":"product_brand","embeddable":true,"href":"https:\/\/www.alpakahof-hahn.at\/shop\/wp-json\/wp\/v2\/product_brand?post=46060"},{"taxonomy":"product_cat","embeddable":true,"href":"https:\/\/www.alpakahof-hahn.at\/shop\/wp-json\/wp\/v2\/product_cat?post=46060"},{"taxonomy":"product_tag","embeddable":true,"href":"https:\/\/www.alpakahof-hahn.at\/shop\/wp-json\/wp\/v2\/product_tag?post=46060"}],"curies":[{"name":"wp","href":"https:\/\/api.w.org\/{rel}","templated":true}]}}