{"id":41245,"date":"2020-12-11T12:06:40","date_gmt":"2020-12-11T11:06:40","guid":{"rendered":"https:\/\/www.alpakahof-hahn.at\/shop\/?post_type=product&#038;p=41245"},"modified":"2022-10-26T18:51:07","modified_gmt":"2022-10-26T16:51:07","slug":"alpaka-stofftier","status":"publish","type":"product","link":"https:\/\/www.alpakahof-hahn.at\/shop\/produkt\/alpaka-stofftier\/","title":{"rendered":"Alpaka Stofftier"},"content":{"rendered":"","protected":false},"excerpt":{"rendered":"<p>Unser geh\u00e4keltes Alpaka mit extra Flausch ist das perfektes Mitbringsel f\u00fcr Familie und Freunde &#8211; egal wie alt.<br \/>\nIn hellbraun ein Hingucker schlechthin. Das Alpaka-Stofftier ist in liebevoller Handarbeit im Waldviertel geboren.<\/p>\n<p>&#8211; Farbe: hellbraun (Farbe kann leicht variieren)<br \/>\n&#8211; Waschen: Handw\u00e4sche kalt<br \/>\n&#8211; L\u00e4nge: ca. 9cm<br \/>\n&#8211; Breite: ca. 5cm<br \/>\n&#8211; H\u00f6he: ca. 14cm<br \/>\n&#8211; Material: 100% Polyester<br \/>\n&#8211; Gewicht: 22g<\/p>\n","protected":false},"featured_media":41246,"template":"","meta":{"jetpack_post_was_ever_published":false,"jetpack_publicize_message":"","jetpack_publicize_feature_enabled":true,"jetpack_social_post_already_shared":true,"jetpack_social_options":{"image_generator_settings":{"template":"highway","default_image_id":0,"font":"","enabled":false},"version":2}},"etheme_brands":[],"product_brand":[],"product_cat":[139],"product_tag":[],"class_list":{"0":"post-41245","1":"product","2":"type-product","3":"status-publish","4":"has-post-thumbnail","6":"product_cat-fuer-alpaka-fans","8":"first","9":"outofstock","10":"taxable","11":"shipping-taxable","12":"purchasable","13":"product-type-simple"},"supplier_id":null,"supplier_sku":"","barcode":null,"atum_controlled":true,"out_stock_date":"2021-12-02 12:15:19","out_stock_threshold":null,"inheritable":false,"inbound_stock":0,"stock_on_hold":0,"sold_today":0,"sales_last_days":0,"reserved_stock":0,"customer_returns":0,"warehouse_damage":0,"lost_in_post":0,"other_logs":0,"out_stock_days":1599,"lost_sales":0,"has_location":false,"update_date":"2026-04-20T08:47:35","atum_locations":[],"atum_stock_status":"outofstock","restock_status":false,"low_stock_amount":"","sales_update_date":"2026-04-20T08:47:35","calc_backorders":null,"yoast_head":"<!-- This site is optimized with the Yoast SEO plugin v26.5 - https:\/\/yoast.com\/wordpress\/plugins\/seo\/ -->\n<title>Alpaka Stofftier - Alpaka Online-Shop<\/title>\n<meta name=\"robots\" content=\"index, follow, max-snippet:-1, max-image-preview:large, max-video-preview:-1\" \/>\n<link rel=\"canonical\" href=\"https:\/\/www.alpakahof-hahn.at\/shop\/produkt\/alpaka-stofftier\/\" \/>\n<meta name=\"twitter:card\" content=\"summary_large_image\" \/>\n<meta name=\"twitter:title\" content=\"Alpaka Stofftier - Alpaka Online-Shop\" \/>\n<meta name=\"twitter:description\" content=\"Unser geh\u00e4keltes Alpaka mit extra Flausch ist das perfektes Mitbringsel f\u00fcr Familie und Freunde - egal wie alt. In hellbraun ein Hingucker schlechthin. Das Alpaka-Stofftier ist in liebevoller Handarbeit im Waldviertel geboren.  - Farbe: hellbraun (Farbe kann leicht variieren) - Waschen: Handw\u00e4sche kalt - L\u00e4nge: ca. 9cm - Breite: ca. 5cm - H\u00f6he: ca. 14cm - Material: 100% Polyester - Gewicht: 22g\" \/>\n<meta name=\"twitter:image\" content=\"https:\/\/i0.wp.com\/www.alpakahof-hahn.at\/shop\/wp-content\/uploads\/2020\/12\/alpakak-stofftier-flausch-3-alpakahof-hahn.jpg?fit=800%2C800&ssl=1\" \/>\n<script type=\"application\/ld+json\" class=\"yoast-schema-graph\">{\"@context\":\"https:\/\/schema.org\",\"@graph\":[{\"@type\":\"WebPage\",\"@id\":\"https:\/\/www.alpakahof-hahn.at\/shop\/produkt\/alpaka-stofftier\/\",\"url\":\"https:\/\/www.alpakahof-hahn.at\/shop\/produkt\/alpaka-stofftier\/\",\"name\":\"Alpaka Stofftier - Alpaka Online-Shop\",\"isPartOf\":{\"@id\":\"https:\/\/www.alpakahof-hahn.at\/shop\/#website\"},\"primaryImageOfPage\":{\"@id\":\"https:\/\/www.alpakahof-hahn.at\/shop\/produkt\/alpaka-stofftier\/#primaryimage\"},\"image\":{\"@id\":\"https:\/\/www.alpakahof-hahn.at\/shop\/produkt\/alpaka-stofftier\/#primaryimage\"},\"thumbnailUrl\":\"https:\/\/i0.wp.com\/www.alpakahof-hahn.at\/shop\/wp-content\/uploads\/2020\/12\/alpakak-stofftier-flausch-3-alpakahof-hahn.jpg?fit=800%2C800&ssl=1\",\"datePublished\":\"2020-12-11T11:06:40+00:00\",\"dateModified\":\"2022-10-26T16:51:07+00:00\",\"breadcrumb\":{\"@id\":\"https:\/\/www.alpakahof-hahn.at\/shop\/produkt\/alpaka-stofftier\/#breadcrumb\"},\"inLanguage\":\"de\",\"potentialAction\":[{\"@type\":\"ReadAction\",\"target\":[\"https:\/\/www.alpakahof-hahn.at\/shop\/produkt\/alpaka-stofftier\/\"]}]},{\"@type\":\"ImageObject\",\"inLanguage\":\"de\",\"@id\":\"https:\/\/www.alpakahof-hahn.at\/shop\/produkt\/alpaka-stofftier\/#primaryimage\",\"url\":\"https:\/\/i0.wp.com\/www.alpakahof-hahn.at\/shop\/wp-content\/uploads\/2020\/12\/alpakak-stofftier-flausch-3-alpakahof-hahn.jpg?fit=800%2C800&ssl=1\",\"contentUrl\":\"https:\/\/i0.wp.com\/www.alpakahof-hahn.at\/shop\/wp-content\/uploads\/2020\/12\/alpakak-stofftier-flausch-3-alpakahof-hahn.jpg?fit=800%2C800&ssl=1\",\"width\":800,\"height\":800},{\"@type\":\"BreadcrumbList\",\"@id\":\"https:\/\/www.alpakahof-hahn.at\/shop\/produkt\/alpaka-stofftier\/#breadcrumb\",\"itemListElement\":[{\"@type\":\"ListItem\",\"position\":1,\"name\":\"Shop\",\"item\":\"https:\/\/www.alpakahof-hahn.at\/shop\/\"},{\"@type\":\"ListItem\",\"position\":2,\"name\":\"Shop\",\"item\":\"https:\/\/www.alpakahof-hahn.at\/shop\/shop\/\"},{\"@type\":\"ListItem\",\"position\":3,\"name\":\"Alpaka Stofftier\"}]},{\"@type\":\"WebSite\",\"@id\":\"https:\/\/www.alpakahof-hahn.at\/shop\/#website\",\"url\":\"https:\/\/www.alpakahof-hahn.at\/shop\/\",\"name\":\"Alpaka Online-Shop\",\"description\":\"Der Hofladen der Familie Hahn\",\"potentialAction\":[{\"@type\":\"SearchAction\",\"target\":{\"@type\":\"EntryPoint\",\"urlTemplate\":\"https:\/\/www.alpakahof-hahn.at\/shop\/?s={search_term_string}\"},\"query-input\":{\"@type\":\"PropertyValueSpecification\",\"valueRequired\":true,\"valueName\":\"search_term_string\"}}],\"inLanguage\":\"de\"}]}<\/script>\n<!-- \/ Yoast SEO plugin. -->","yoast_head_json":{"title":"Alpaka Stofftier - Alpaka Online-Shop","robots":{"index":"index","follow":"follow","max-snippet":"max-snippet:-1","max-image-preview":"max-image-preview:large","max-video-preview":"max-video-preview:-1"},"canonical":"https:\/\/www.alpakahof-hahn.at\/shop\/produkt\/alpaka-stofftier\/","twitter_card":"summary_large_image","twitter_title":"Alpaka Stofftier - Alpaka Online-Shop","twitter_description":"Unser geh\u00e4keltes Alpaka mit extra Flausch ist das perfektes Mitbringsel f\u00fcr Familie und Freunde - egal wie alt. In hellbraun ein Hingucker schlechthin. Das Alpaka-Stofftier ist in liebevoller Handarbeit im Waldviertel geboren.  - Farbe: hellbraun (Farbe kann leicht variieren) - Waschen: Handw\u00e4sche kalt - L\u00e4nge: ca. 9cm - Breite: ca. 5cm - H\u00f6he: ca. 14cm - Material: 100% Polyester - Gewicht: 22g","twitter_image":"https:\/\/i0.wp.com\/www.alpakahof-hahn.at\/shop\/wp-content\/uploads\/2020\/12\/alpakak-stofftier-flausch-3-alpakahof-hahn.jpg?fit=800%2C800&ssl=1","schema":{"@context":"https:\/\/schema.org","@graph":[{"@type":"WebPage","@id":"https:\/\/www.alpakahof-hahn.at\/shop\/produkt\/alpaka-stofftier\/","url":"https:\/\/www.alpakahof-hahn.at\/shop\/produkt\/alpaka-stofftier\/","name":"Alpaka Stofftier - Alpaka Online-Shop","isPartOf":{"@id":"https:\/\/www.alpakahof-hahn.at\/shop\/#website"},"primaryImageOfPage":{"@id":"https:\/\/www.alpakahof-hahn.at\/shop\/produkt\/alpaka-stofftier\/#primaryimage"},"image":{"@id":"https:\/\/www.alpakahof-hahn.at\/shop\/produkt\/alpaka-stofftier\/#primaryimage"},"thumbnailUrl":"https:\/\/i0.wp.com\/www.alpakahof-hahn.at\/shop\/wp-content\/uploads\/2020\/12\/alpakak-stofftier-flausch-3-alpakahof-hahn.jpg?fit=800%2C800&ssl=1","datePublished":"2020-12-11T11:06:40+00:00","dateModified":"2022-10-26T16:51:07+00:00","breadcrumb":{"@id":"https:\/\/www.alpakahof-hahn.at\/shop\/produkt\/alpaka-stofftier\/#breadcrumb"},"inLanguage":"de","potentialAction":[{"@type":"ReadAction","target":["https:\/\/www.alpakahof-hahn.at\/shop\/produkt\/alpaka-stofftier\/"]}]},{"@type":"ImageObject","inLanguage":"de","@id":"https:\/\/www.alpakahof-hahn.at\/shop\/produkt\/alpaka-stofftier\/#primaryimage","url":"https:\/\/i0.wp.com\/www.alpakahof-hahn.at\/shop\/wp-content\/uploads\/2020\/12\/alpakak-stofftier-flausch-3-alpakahof-hahn.jpg?fit=800%2C800&ssl=1","contentUrl":"https:\/\/i0.wp.com\/www.alpakahof-hahn.at\/shop\/wp-content\/uploads\/2020\/12\/alpakak-stofftier-flausch-3-alpakahof-hahn.jpg?fit=800%2C800&ssl=1","width":800,"height":800},{"@type":"BreadcrumbList","@id":"https:\/\/www.alpakahof-hahn.at\/shop\/produkt\/alpaka-stofftier\/#breadcrumb","itemListElement":[{"@type":"ListItem","position":1,"name":"Shop","item":"https:\/\/www.alpakahof-hahn.at\/shop\/"},{"@type":"ListItem","position":2,"name":"Shop","item":"https:\/\/www.alpakahof-hahn.at\/shop\/shop\/"},{"@type":"ListItem","position":3,"name":"Alpaka Stofftier"}]},{"@type":"WebSite","@id":"https:\/\/www.alpakahof-hahn.at\/shop\/#website","url":"https:\/\/www.alpakahof-hahn.at\/shop\/","name":"Alpaka Online-Shop","description":"Der Hofladen der Familie Hahn","potentialAction":[{"@type":"SearchAction","target":{"@type":"EntryPoint","urlTemplate":"https:\/\/www.alpakahof-hahn.at\/shop\/?s={search_term_string}"},"query-input":{"@type":"PropertyValueSpecification","valueRequired":true,"valueName":"search_term_string"}}],"inLanguage":"de"}]}},"jetpack_publicize_connections":[],"jetpack_sharing_enabled":true,"jetpack-related-posts":[{"id":40783,"url":"https:\/\/www.alpakahof-hahn.at\/shop\/produkt\/alpaka-turnbeutel-aus-bio-baumwolle\/","url_meta":{"origin":41245,"position":0},"title":"Alpaka Turnbeutel &#8220;Wengan streicheln warads&#8221;","author":"Manuel Hahn","date":"10. Dezember 2020","format":false,"excerpt":"Dieser stylische Alpaka-Turnbeutel aus 100% Bio-Baumwolle ist der ideale Begleiter durch den Alltag. Mit dem Spruch drauf ein Muss f\u00fcr jeden Alpaka-Fan. Der Stoff aus 100% Baumwolle ist hochwertiger und belastbarer als durchschnittliche Turnbeutel aus Baumwolle. Kurzum: Das perfekte Geschenk f\u00fcr deine Lieben oder dich selbst. In schwarz passend zum\u2026","rel":"","context":"\u00c4hnlicher Beitrag","block_context":{"text":"\u00c4hnlicher Beitrag","link":""},"img":{"alt_text":"","src":"https:\/\/i0.wp.com\/www.alpakahof-hahn.at\/shop\/wp-content\/uploads\/2020\/12\/Turnbeutel-Beispiel-2.jpg?fit=621%2C580&ssl=1&resize=350%2C200","width":350,"height":200,"srcset":"https:\/\/i0.wp.com\/www.alpakahof-hahn.at\/shop\/wp-content\/uploads\/2020\/12\/Turnbeutel-Beispiel-2.jpg?fit=621%2C580&ssl=1&resize=350%2C200 1x, https:\/\/i0.wp.com\/www.alpakahof-hahn.at\/shop\/wp-content\/uploads\/2020\/12\/Turnbeutel-Beispiel-2.jpg?fit=621%2C580&ssl=1&resize=525%2C300 1.5x"},"classes":[]},{"id":46091,"url":"https:\/\/www.alpakahof-hahn.at\/shop\/produkt\/alpaka-stretch-stirnband-petrol-blau\/","url_meta":{"origin":41245,"position":1},"title":"Alpaka Stretch Stirnband petrol-blau","author":"Manuel Hahn","date":"23. November 2021","format":false,"excerpt":"Sie m\u00f6gen keine M\u00fctzen, wollen es aber trotzdem sch\u00f6n warm am Kopf haben? Wir haben das passende Stirnband f\u00fcr Sie! Dieses elastische Stretch-Stirnband passt sich Ihrer Kopfform perfekt an. Die besondere Thermoeigenschaft der Faser des Baby Alpaka isoliert; doppellagig gestrickt und leicht gewalkt h\u00e4lt es extra warm. Da kann Ihnen\u2026","rel":"","context":"\u00c4hnlicher Beitrag","block_context":{"text":"\u00c4hnlicher Beitrag","link":""},"img":{"alt_text":"","src":"https:\/\/i0.wp.com\/www.alpakahof-hahn.at\/shop\/wp-content\/uploads\/2021\/11\/Alpaka-Stirnband-Stretch-petrol-blau-Alpakahof-Hahn-1.jpg?fit=1080%2C1080&ssl=1&resize=350%2C200","width":350,"height":200,"srcset":"https:\/\/i0.wp.com\/www.alpakahof-hahn.at\/shop\/wp-content\/uploads\/2021\/11\/Alpaka-Stirnband-Stretch-petrol-blau-Alpakahof-Hahn-1.jpg?fit=1080%2C1080&ssl=1&resize=350%2C200 1x, https:\/\/i0.wp.com\/www.alpakahof-hahn.at\/shop\/wp-content\/uploads\/2021\/11\/Alpaka-Stirnband-Stretch-petrol-blau-Alpakahof-Hahn-1.jpg?fit=1080%2C1080&ssl=1&resize=525%2C300 1.5x, https:\/\/i0.wp.com\/www.alpakahof-hahn.at\/shop\/wp-content\/uploads\/2021\/11\/Alpaka-Stirnband-Stretch-petrol-blau-Alpakahof-Hahn-1.jpg?fit=1080%2C1080&ssl=1&resize=700%2C400 2x, https:\/\/i0.wp.com\/www.alpakahof-hahn.at\/shop\/wp-content\/uploads\/2021\/11\/Alpaka-Stirnband-Stretch-petrol-blau-Alpakahof-Hahn-1.jpg?fit=1080%2C1080&ssl=1&resize=1050%2C600 3x"},"classes":[]},{"id":46093,"url":"https:\/\/www.alpakahof-hahn.at\/shop\/produkt\/alpaka-stretch-stirnband-tannengruen\/","url_meta":{"origin":41245,"position":2},"title":"Alpaka Stretch Stirnband tannengr\u00fcn","author":"Manuel Hahn","date":"23. November 2021","format":false,"excerpt":"Sie m\u00f6gen keine M\u00fctzen, wollen es aber trotzdem sch\u00f6n warm am Kopf haben? Wir haben das passende Stirnband f\u00fcr Sie! Dieses elastische Stretch-Stirnband passt sich Ihrer Kopfform perfekt an. Die besondere Thermoeigenschaft der Faser des Baby Alpaka isoliert; doppellagig gestrickt und leicht gewalkt h\u00e4lt es extra warm. Da kann Ihnen\u2026","rel":"","context":"\u00c4hnlicher Beitrag","block_context":{"text":"\u00c4hnlicher Beitrag","link":""},"img":{"alt_text":"","src":"https:\/\/i0.wp.com\/www.alpakahof-hahn.at\/shop\/wp-content\/uploads\/2021\/11\/Alpaka-Stirnband-Stretch-tannengruen-Alpakahof-Hahn-3.jpg?fit=1080%2C1080&ssl=1&resize=350%2C200","width":350,"height":200,"srcset":"https:\/\/i0.wp.com\/www.alpakahof-hahn.at\/shop\/wp-content\/uploads\/2021\/11\/Alpaka-Stirnband-Stretch-tannengruen-Alpakahof-Hahn-3.jpg?fit=1080%2C1080&ssl=1&resize=350%2C200 1x, https:\/\/i0.wp.com\/www.alpakahof-hahn.at\/shop\/wp-content\/uploads\/2021\/11\/Alpaka-Stirnband-Stretch-tannengruen-Alpakahof-Hahn-3.jpg?fit=1080%2C1080&ssl=1&resize=525%2C300 1.5x, https:\/\/i0.wp.com\/www.alpakahof-hahn.at\/shop\/wp-content\/uploads\/2021\/11\/Alpaka-Stirnband-Stretch-tannengruen-Alpakahof-Hahn-3.jpg?fit=1080%2C1080&ssl=1&resize=700%2C400 2x, https:\/\/i0.wp.com\/www.alpakahof-hahn.at\/shop\/wp-content\/uploads\/2021\/11\/Alpaka-Stirnband-Stretch-tannengruen-Alpakahof-Hahn-3.jpg?fit=1080%2C1080&ssl=1&resize=1050%2C600 3x"},"classes":[]},{"id":46089,"url":"https:\/\/www.alpakahof-hahn.at\/shop\/produkt\/alpaka-stretch-stirnband-himbeere\/","url_meta":{"origin":41245,"position":3},"title":"Alpaka Stretch Stirnband &#8220;Himbeere&#8221;","author":"Manuel Hahn","date":"23. November 2021","format":false,"excerpt":"Sie m\u00f6gen keine M\u00fctzen, wollen es aber trotzdem sch\u00f6n warm am Kopf haben? Wir haben das passende Stirnband f\u00fcr Sie! Dieses elastische Stretch-Stirnband passt sich Ihrer Kopfform perfekt an. Die besondere Thermoeigenschaft der Faser des Baby Alpaka isoliert; doppellagig gestrickt und leicht gewalkt h\u00e4lt es extra warm. Da kann Ihnen\u2026","rel":"","context":"\u00c4hnlicher Beitrag","block_context":{"text":"\u00c4hnlicher Beitrag","link":""},"img":{"alt_text":"","src":"https:\/\/i0.wp.com\/www.alpakahof-hahn.at\/shop\/wp-content\/uploads\/2021\/11\/Alpaka-Stirnband-Stretch-Himbeere-Alpakahof-Hahn-1.jpg?fit=1080%2C1080&ssl=1&resize=350%2C200","width":350,"height":200,"srcset":"https:\/\/i0.wp.com\/www.alpakahof-hahn.at\/shop\/wp-content\/uploads\/2021\/11\/Alpaka-Stirnband-Stretch-Himbeere-Alpakahof-Hahn-1.jpg?fit=1080%2C1080&ssl=1&resize=350%2C200 1x, https:\/\/i0.wp.com\/www.alpakahof-hahn.at\/shop\/wp-content\/uploads\/2021\/11\/Alpaka-Stirnband-Stretch-Himbeere-Alpakahof-Hahn-1.jpg?fit=1080%2C1080&ssl=1&resize=525%2C300 1.5x, https:\/\/i0.wp.com\/www.alpakahof-hahn.at\/shop\/wp-content\/uploads\/2021\/11\/Alpaka-Stirnband-Stretch-Himbeere-Alpakahof-Hahn-1.jpg?fit=1080%2C1080&ssl=1&resize=700%2C400 2x, https:\/\/i0.wp.com\/www.alpakahof-hahn.at\/shop\/wp-content\/uploads\/2021\/11\/Alpaka-Stirnband-Stretch-Himbeere-Alpakahof-Hahn-1.jpg?fit=1080%2C1080&ssl=1&resize=1050%2C600 3x"},"classes":[]},{"id":33347,"url":"https:\/\/www.alpakahof-hahn.at\/shop\/produkt\/alpaka-tasse-das-leben-ist-kein-alpakahof\/","url_meta":{"origin":41245,"position":4},"title":"Alpaka Tasse &#8220;Das Leben ist kein Alpakahof&#8221;","author":"Manuel Hahn","date":"17. November 2020","format":false,"excerpt":"F\u00fcr jeden Alpaka-Fan ist diese robuste Emaille-Tasse aus Blech ein Muss. Diese wei\u00dfe Tasse mit schwarzem Rand ist das perfektes Geschenk sondern f\u00fcr Gro\u00df und Klein - lustiger Alpaka-Spruch inklusive. Egal ob zu Hause, beim Pick-Nick oder beim Wandern - diese robuste Tasse ist des perfekte Begleiter f\u00fcr dich und\u2026","rel":"","context":"\u00c4hnlicher Beitrag","block_context":{"text":"\u00c4hnlicher Beitrag","link":""},"img":{"alt_text":"","src":"https:\/\/i0.wp.com\/www.alpakahof-hahn.at\/shop\/wp-content\/uploads\/2020\/11\/alpakahof-hahn-emaille-tasse-das-leben-ist-kein-alpakahof.jpg?fit=800%2C800&ssl=1&resize=350%2C200","width":350,"height":200,"srcset":"https:\/\/i0.wp.com\/www.alpakahof-hahn.at\/shop\/wp-content\/uploads\/2020\/11\/alpakahof-hahn-emaille-tasse-das-leben-ist-kein-alpakahof.jpg?fit=800%2C800&ssl=1&resize=350%2C200 1x, https:\/\/i0.wp.com\/www.alpakahof-hahn.at\/shop\/wp-content\/uploads\/2020\/11\/alpakahof-hahn-emaille-tasse-das-leben-ist-kein-alpakahof.jpg?fit=800%2C800&ssl=1&resize=525%2C300 1.5x, https:\/\/i0.wp.com\/www.alpakahof-hahn.at\/shop\/wp-content\/uploads\/2020\/11\/alpakahof-hahn-emaille-tasse-das-leben-ist-kein-alpakahof.jpg?fit=800%2C800&ssl=1&resize=700%2C400 2x"},"classes":[]},{"id":47105,"url":"https:\/\/www.alpakahof-hahn.at\/shop\/produkt\/alpaka-haube-jagd-grau\/","url_meta":{"origin":41245,"position":5},"title":"Alpaka-Haube JAGD grau","author":"Manuel Hahn","date":"26. Oktober 2022","format":false,"excerpt":"Diese tolle und zeitlose M\u00fctze ist ideal f\u00fcr den Herren, denn Sie ist modisch, dezent, warm und trotzdem chic. Ein Allrounder der Sie im Alltag begleitet - bei Wind und Wetter kann man sich auf diese M\u00fctze verlassen. Durch das gewalkte Alpaka-Vlies ist diese Haube robust und w\u00e4rmend zugleich. -\u2026","rel":"","context":"\u00c4hnlicher Beitrag","block_context":{"text":"\u00c4hnlicher Beitrag","link":""},"img":{"alt_text":"","src":"https:\/\/i0.wp.com\/www.alpakahof-hahn.at\/shop\/wp-content\/uploads\/2022\/10\/alpaka-muetze-filz-grau-1-alpakahof-hahn.jpg?fit=475%2C720&ssl=1&resize=350%2C200","width":350,"height":200},"classes":[]}],"_links":{"self":[{"href":"https:\/\/www.alpakahof-hahn.at\/shop\/wp-json\/wp\/v2\/product\/41245","targetHints":{"allow":["GET"]}}],"collection":[{"href":"https:\/\/www.alpakahof-hahn.at\/shop\/wp-json\/wp\/v2\/product"}],"about":[{"href":"https:\/\/www.alpakahof-hahn.at\/shop\/wp-json\/wp\/v2\/types\/product"}],"wp:featuredmedia":[{"embeddable":true,"href":"https:\/\/www.alpakahof-hahn.at\/shop\/wp-json\/wp\/v2\/media\/41246"}],"wp:attachment":[{"href":"https:\/\/www.alpakahof-hahn.at\/shop\/wp-json\/wp\/v2\/media?parent=41245"}],"wp:term":[{"taxonomy":"brand","embeddable":true,"href":"https:\/\/www.alpakahof-hahn.at\/shop\/wp-json\/wp\/v2\/etheme_brands?post=41245"},{"taxonomy":"product_brand","embeddable":true,"href":"https:\/\/www.alpakahof-hahn.at\/shop\/wp-json\/wp\/v2\/product_brand?post=41245"},{"taxonomy":"product_cat","embeddable":true,"href":"https:\/\/www.alpakahof-hahn.at\/shop\/wp-json\/wp\/v2\/product_cat?post=41245"},{"taxonomy":"product_tag","embeddable":true,"href":"https:\/\/www.alpakahof-hahn.at\/shop\/wp-json\/wp\/v2\/product_tag?post=41245"}],"curies":[{"name":"wp","href":"https:\/\/api.w.org\/{rel}","templated":true}]}}