{"id":4079,"date":"2016-05-23T11:46:46","date_gmt":"2016-05-23T11:46:46","guid":{"rendered":"http:\/\/8theme.com\/import\/xstore\/?page_id=4079"},"modified":"2024-06-03T09:01:50","modified_gmt":"2024-06-03T07:01:50","slug":"kontakt","status":"publish","type":"page","link":"https:\/\/www.alpakahof-hahn.at\/shop\/kontakt\/","title":{"rendered":"Kontakt"},"content":{"rendered":"<div class=\"wpb-content-wrapper\"><p>[vc_row][vc_column width=&#8221;1\/3&#8243;][vc_custom_heading text=&#8221;Wir sind f\u00fcr dich und deine Fragen da.&#8221; font_container=&#8221;tag:h2|font_size:24px|text_align:left|color:%231a1a1a|line_height:30px&#8221; use_theme_fonts=&#8221;yes&#8221;][vc_column_text css=&#8221;.vc_custom_1499016820785{margin-bottom: 20px !important;}&#8221;]Von A bis Z stehen wir dir f\u00fcr all deine Fragen rund um unsere Alpaka Produkte zur Verf\u00fcgung.<\/p>\n<p>Einfach bequem das Anfrageformular rechts ausf\u00fcllen und schon landet deine Frage bei uns im E-Mail Postfach. Alternativ stehen wir dir nat\u00fcrlich auch telefonisch zur Verf\u00fcgung.<\/p>\n<p>Wir freuen uns von dir zu h\u00f6ren.[\/vc_column_text][vc_column_text css=&#8221;.vc_custom_1492959495994{border-top-width: 1px !important;border-bottom-width: 1px !important;padding-top: 20px !important;padding-bottom: 20px !important;border-top-color: #e9e9e9 !important;border-top-style: solid !important;border-bottom-color: #e9e9e9 !important;border-bottom-style: solid !important;}&#8221;]Kleinnondorf 14<br \/>\nAT-3912 Grafenschlag<br \/>\nTelefon: +43 664 7500 27 29<br \/>\nEmail: <span class=\"active\">office@alpakahof-hahn.at<\/span><br \/>\n<span class=\"active\">www.alpakahof-hahn.at\/shop<\/span>[\/vc_column_text][vc_single_image image=&#8221;4490&#8243; img_size=&#8221;medium&#8221; alignment=&#8221;center&#8221;][\/vc_column][vc_column width=&#8221;2\/3&#8243;][vc_column_text]<\/p>\n<h2>Hier findest du unseren Hof<\/h2>\n<p>[\/vc_column_text][\/vc_column][\/vc_row][vc_row][vc_column][vc_gmaps link=&#8221;#E-8_JTNDaWZyYW1lJTIwc3JjJTNEJTIyaHR0cHMlM0ElMkYlMkZ3d3cuZ29vZ2xlLmNvbSUyRm1hcHMlMkZlbWJlZCUzRnBiJTNEJTIxMW0xOCUyMTFtMTIlMjExbTMlMjExZDI2NDMuODc3NTU1NzQzOSUyMTJkMTUuMTQzNDkzMTUxNDczNTYyJTIxM2Q0OC40OTcyMzk4NzkxNTE5NCUyMTJtMyUyMTFmMCUyMTJmMCUyMTNmMCUyMTNtMiUyMTFpMTAyNCUyMTJpNzY4JTIxNGYxMy4xJTIxM20zJTIxMW0yJTIxMXMweDQ3NzJmMDQzYTA0ODc5OWQlMjUzQTB4N2Y2OTYxODQ5NTE0MTZjMyUyMTJzS2xlaW5ub25kb3JmJTJCMTQlMjUyQyUyQjM5MTIlMkJLbGVpbm5vbmRvcmYlMjE1ZTAlMjEzbTIlMjExc2RlJTIxMnNhdCUyMTR2MTQ5Mjk1OTczMTgzOCUyMiUyMHdpZHRoJTNEJTIyNjAwJTIyJTIwaGVpZ2h0JTNEJTIyNDUwJTIyJTIwZnJhbWVib3JkZXIlM0QlMjIwJTIyJTIwc3R5bGUlM0QlMjJib3JkZXIlM0EwJTIyJTIwYWxsb3dmdWxsc2NyZWVuJTNFJTNDJTJGaWZyYW1lJTNF&#8221; size=&#8221;500px&#8221;][\/vc_column][\/vc_row]<\/p>\n<\/div>","protected":false},"excerpt":{"rendered":"<p>[vc_row][vc_column width=&#8221;1\/3&#8243;][vc_custom_heading text=&#8221;Wir sind f\u00fcr dich und deine Fragen da.&#8221; font_container=&#8221;tag:h2|font_size:24px|text_align:left|color:%231a1a1a|line_height:30px&#8221; use_theme_fonts=&#8221;yes&#8221;][vc_column_text css=&#8221;.vc_custom_1499016820785{margin-bottom: 20px !important;}&#8221;]Von A bis Z stehen wir dir f\u00fcr all deine Fragen&#8230;<\/p>\n","protected":false},"author":1,"featured_media":4429,"parent":0,"menu_order":0,"comment_status":"closed","ping_status":"closed","template":"","meta":{"jetpack_post_was_ever_published":false,"footnotes":""},"class_list":["post-4079","page","type-page","status-publish","has-post-thumbnail","hentry"],"yoast_head":"<!-- This site is optimized with the Yoast SEO plugin v26.5 - https:\/\/yoast.com\/wordpress\/plugins\/seo\/ -->\n<title>Alpaka Online-Shop Kontakt |\u00a0Alpakahof Hahn<\/title>\n<meta name=\"robots\" content=\"index, follow, max-snippet:-1, max-image-preview:large, max-video-preview:-1\" \/>\n<link rel=\"canonical\" href=\"https:\/\/www.alpakahof-hahn.at\/shop\/kontakt\/\" \/>\n<meta name=\"twitter:card\" content=\"summary_large_image\" \/>\n<meta name=\"twitter:title\" content=\"Alpaka Online-Shop Kontakt |\u00a0Alpakahof Hahn\" \/>\n<meta name=\"twitter:description\" content=\"[vc_row][vc_column width=&#8221;1\/3&#8243;][vc_custom_heading text=&#8221;Wir sind f\u00fcr dich und deine Fragen da.&#8221; font_container=&#8221;tag:h2|font_size:24px|text_align:left|color:%231a1a1a|line_height:30px&#8221; use_theme_fonts=&#8221;yes&#8221;][vc_column_text css=&#8221;.vc_custom_1499016820785{margin-bottom: 20px !important;}&#8221;]Von A bis Z stehen wir dir f\u00fcr all deine Fragen...\" \/>\n<meta name=\"twitter:image\" content=\"https:\/\/i0.wp.com\/www.alpakahof-hahn.at\/shop\/wp-content\/uploads\/2017\/04\/header-background.jpeg?fit=1900%2C470&ssl=1\" \/>\n<meta name=\"twitter:label1\" content=\"Gesch\u00e4tzte Lesezeit\" \/>\n\t<meta name=\"twitter:data1\" content=\"1\u00a0Minute\" \/>\n<script type=\"application\/ld+json\" class=\"yoast-schema-graph\">{\"@context\":\"https:\/\/schema.org\",\"@graph\":[{\"@type\":\"WebPage\",\"@id\":\"https:\/\/www.alpakahof-hahn.at\/shop\/kontakt\/\",\"url\":\"https:\/\/www.alpakahof-hahn.at\/shop\/kontakt\/\",\"name\":\"Alpaka Online-Shop Kontakt |\u00a0Alpakahof Hahn\",\"isPartOf\":{\"@id\":\"https:\/\/www.alpakahof-hahn.at\/shop\/#website\"},\"primaryImageOfPage\":{\"@id\":\"https:\/\/www.alpakahof-hahn.at\/shop\/kontakt\/#primaryimage\"},\"image\":{\"@id\":\"https:\/\/www.alpakahof-hahn.at\/shop\/kontakt\/#primaryimage\"},\"thumbnailUrl\":\"https:\/\/i0.wp.com\/www.alpakahof-hahn.at\/shop\/wp-content\/uploads\/2017\/04\/header-background.jpeg?fit=1900%2C470&ssl=1\",\"datePublished\":\"2016-05-23T11:46:46+00:00\",\"dateModified\":\"2024-06-03T07:01:50+00:00\",\"breadcrumb\":{\"@id\":\"https:\/\/www.alpakahof-hahn.at\/shop\/kontakt\/#breadcrumb\"},\"inLanguage\":\"de\",\"potentialAction\":[{\"@type\":\"ReadAction\",\"target\":[\"https:\/\/www.alpakahof-hahn.at\/shop\/kontakt\/\"]}]},{\"@type\":\"ImageObject\",\"inLanguage\":\"de\",\"@id\":\"https:\/\/www.alpakahof-hahn.at\/shop\/kontakt\/#primaryimage\",\"url\":\"https:\/\/i0.wp.com\/www.alpakahof-hahn.at\/shop\/wp-content\/uploads\/2017\/04\/header-background.jpeg?fit=1900%2C470&ssl=1\",\"contentUrl\":\"https:\/\/i0.wp.com\/www.alpakahof-hahn.at\/shop\/wp-content\/uploads\/2017\/04\/header-background.jpeg?fit=1900%2C470&ssl=1\",\"width\":1900,\"height\":470},{\"@type\":\"BreadcrumbList\",\"@id\":\"https:\/\/www.alpakahof-hahn.at\/shop\/kontakt\/#breadcrumb\",\"itemListElement\":[{\"@type\":\"ListItem\",\"position\":1,\"name\":\"Shop\",\"item\":\"https:\/\/www.alpakahof-hahn.at\/shop\/\"},{\"@type\":\"ListItem\",\"position\":2,\"name\":\"Kontakt\"}]},{\"@type\":\"WebSite\",\"@id\":\"https:\/\/www.alpakahof-hahn.at\/shop\/#website\",\"url\":\"https:\/\/www.alpakahof-hahn.at\/shop\/\",\"name\":\"Alpaka Online-Shop\",\"description\":\"Der Hofladen der Familie Hahn\",\"potentialAction\":[{\"@type\":\"SearchAction\",\"target\":{\"@type\":\"EntryPoint\",\"urlTemplate\":\"https:\/\/www.alpakahof-hahn.at\/shop\/?s={search_term_string}\"},\"query-input\":{\"@type\":\"PropertyValueSpecification\",\"valueRequired\":true,\"valueName\":\"search_term_string\"}}],\"inLanguage\":\"de\"}]}<\/script>\n<!-- \/ Yoast SEO plugin. -->","yoast_head_json":{"title":"Alpaka Online-Shop Kontakt |\u00a0Alpakahof Hahn","robots":{"index":"index","follow":"follow","max-snippet":"max-snippet:-1","max-image-preview":"max-image-preview:large","max-video-preview":"max-video-preview:-1"},"canonical":"https:\/\/www.alpakahof-hahn.at\/shop\/kontakt\/","twitter_card":"summary_large_image","twitter_title":"Alpaka Online-Shop Kontakt |\u00a0Alpakahof Hahn","twitter_description":"[vc_row][vc_column width=&#8221;1\/3&#8243;][vc_custom_heading text=&#8221;Wir sind f\u00fcr dich und deine Fragen da.&#8221; font_container=&#8221;tag:h2|font_size:24px|text_align:left|color:%231a1a1a|line_height:30px&#8221; use_theme_fonts=&#8221;yes&#8221;][vc_column_text css=&#8221;.vc_custom_1499016820785{margin-bottom: 20px !important;}&#8221;]Von A bis Z stehen wir dir f\u00fcr all deine Fragen...","twitter_image":"https:\/\/i0.wp.com\/www.alpakahof-hahn.at\/shop\/wp-content\/uploads\/2017\/04\/header-background.jpeg?fit=1900%2C470&ssl=1","twitter_misc":{"Gesch\u00e4tzte Lesezeit":"1\u00a0Minute"},"schema":{"@context":"https:\/\/schema.org","@graph":[{"@type":"WebPage","@id":"https:\/\/www.alpakahof-hahn.at\/shop\/kontakt\/","url":"https:\/\/www.alpakahof-hahn.at\/shop\/kontakt\/","name":"Alpaka Online-Shop Kontakt |\u00a0Alpakahof Hahn","isPartOf":{"@id":"https:\/\/www.alpakahof-hahn.at\/shop\/#website"},"primaryImageOfPage":{"@id":"https:\/\/www.alpakahof-hahn.at\/shop\/kontakt\/#primaryimage"},"image":{"@id":"https:\/\/www.alpakahof-hahn.at\/shop\/kontakt\/#primaryimage"},"thumbnailUrl":"https:\/\/i0.wp.com\/www.alpakahof-hahn.at\/shop\/wp-content\/uploads\/2017\/04\/header-background.jpeg?fit=1900%2C470&ssl=1","datePublished":"2016-05-23T11:46:46+00:00","dateModified":"2024-06-03T07:01:50+00:00","breadcrumb":{"@id":"https:\/\/www.alpakahof-hahn.at\/shop\/kontakt\/#breadcrumb"},"inLanguage":"de","potentialAction":[{"@type":"ReadAction","target":["https:\/\/www.alpakahof-hahn.at\/shop\/kontakt\/"]}]},{"@type":"ImageObject","inLanguage":"de","@id":"https:\/\/www.alpakahof-hahn.at\/shop\/kontakt\/#primaryimage","url":"https:\/\/i0.wp.com\/www.alpakahof-hahn.at\/shop\/wp-content\/uploads\/2017\/04\/header-background.jpeg?fit=1900%2C470&ssl=1","contentUrl":"https:\/\/i0.wp.com\/www.alpakahof-hahn.at\/shop\/wp-content\/uploads\/2017\/04\/header-background.jpeg?fit=1900%2C470&ssl=1","width":1900,"height":470},{"@type":"BreadcrumbList","@id":"https:\/\/www.alpakahof-hahn.at\/shop\/kontakt\/#breadcrumb","itemListElement":[{"@type":"ListItem","position":1,"name":"Shop","item":"https:\/\/www.alpakahof-hahn.at\/shop\/"},{"@type":"ListItem","position":2,"name":"Kontakt"}]},{"@type":"WebSite","@id":"https:\/\/www.alpakahof-hahn.at\/shop\/#website","url":"https:\/\/www.alpakahof-hahn.at\/shop\/","name":"Alpaka Online-Shop","description":"Der Hofladen der Familie Hahn","potentialAction":[{"@type":"SearchAction","target":{"@type":"EntryPoint","urlTemplate":"https:\/\/www.alpakahof-hahn.at\/shop\/?s={search_term_string}"},"query-input":{"@type":"PropertyValueSpecification","valueRequired":true,"valueName":"search_term_string"}}],"inLanguage":"de"}]}},"jetpack_sharing_enabled":true,"jetpack_shortlink":"https:\/\/wp.me\/P8XyFI-13N","jetpack-related-posts":[{"id":2170,"url":"https:\/\/www.alpakahof-hahn.at\/shop\/","url_meta":{"origin":4079,"position":0},"title":"Alpaka Produkte","author":"Manuel Hahn","date":"23. Mai 2016","format":false,"excerpt":"[vc_row css=\".vc_custom_1461662753094{margin-bottom: -35px !important;}\"][vc_column][rev_slider_vc alias=\"bike\"][\/vc_column][\/vc_row][vc_row full_width=\"stretch_row_content_no_spaces\" css=\".vc_custom_1464244971814{margin-bottom: 2vw !important;}\"][vc_column align=\"center\" css=\".vc_custom_1732290345187{padding-top: 0px !important;}\" _et_uniqid=\"et_custom_uniqid_new_6740a7176494a\"][\/vc_column][\/vc_row][vc_row css=\".vc_custom_1464245142042{margin-bottom: 4.8vw !important;}\"][vc_column][vc_column_text] Anbei findest du unsere neuen Alpaka-Produkte, Must-Haves f\u00fcr jeden Alpaka-Fan sowie saisonale Produkte. \u00a0[\/vc_column_text][vc_tta_tabs spacing=\"\" alignment=\"center\" active_section=\"1\" no_fill_content_area=\"true\"][vc_tta_section title=\"New arrivals\" tab_id=\"new-arrivals\"][\/vc_tta_section][vc_tta_section title=\"Featured\" tab_id=\"Featured\"][\/vc_tta_section][vc_tta_section title=\"Special\" tab_id=\"special\"][\/vc_tta_section][\/vc_tta_tabs][\/vc_column][\/vc_row][vc_row css=\".vc_custom_1464706987298{margin-bottom: 5vw !important;}\"][vc_column][vc_column_text] Du hast sozusagen die Qual\u2026","rel":"","context":"\u00c4hnlicher Beitrag","block_context":{"text":"\u00c4hnlicher Beitrag","link":""},"img":{"alt_text":"","src":"https:\/\/i0.wp.com\/www.alpakahof-hahn.at\/shop\/wp-content\/uploads\/2017\/07\/facebook.jpg?fit=1200%2C630&ssl=1&resize=350%2C200","width":350,"height":200,"srcset":"https:\/\/i0.wp.com\/www.alpakahof-hahn.at\/shop\/wp-content\/uploads\/2017\/07\/facebook.jpg?fit=1200%2C630&ssl=1&resize=350%2C200 1x, https:\/\/i0.wp.com\/www.alpakahof-hahn.at\/shop\/wp-content\/uploads\/2017\/07\/facebook.jpg?fit=1200%2C630&ssl=1&resize=525%2C300 1.5x, https:\/\/i0.wp.com\/www.alpakahof-hahn.at\/shop\/wp-content\/uploads\/2017\/07\/facebook.jpg?fit=1200%2C630&ssl=1&resize=700%2C400 2x, https:\/\/i0.wp.com\/www.alpakahof-hahn.at\/shop\/wp-content\/uploads\/2017\/07\/facebook.jpg?fit=1200%2C630&ssl=1&resize=1050%2C600 3x"},"classes":[]},{"id":4874,"url":"https:\/\/www.alpakahof-hahn.at\/shop\/widerrufsbelehrung\/","url_meta":{"origin":4079,"position":1},"title":"Widerruf &#038; R\u00fccksendung","author":"Manuel Hahn","date":"13. Mai 2017","format":false,"excerpt":"WIDERRUFSRECHT Du hast das Recht, binnen vierzehn Tagen ohne Angabe von Gr\u00fcnden den Kaufvertrag zu widerrufen. Die Widerrufsfrist betr\u00e4gt vierzehn Tage ab dem Tag, an dem du oder einer von dir benannter Dritter, der nicht der Bef\u00f6rderer ist, die letzte Ware in Besitz genommen haben bzw. hat. Um dein Widerrufsrecht\u2026","rel":"","context":"\u00c4hnlicher Beitrag","block_context":{"text":"\u00c4hnlicher Beitrag","link":""},"img":{"alt_text":"","src":"","width":0,"height":0},"classes":[]},{"id":4876,"url":"https:\/\/www.alpakahof-hahn.at\/shop\/zahlungsarten\/","url_meta":{"origin":4079,"position":2},"title":"Zahlungsarten","author":"Manuel Hahn","date":"13. Mai 2017","format":false,"excerpt":"Unsere Zahlungsarten Zahlung per Vorkasse (\u00dcberweisung) Nach deiner Bestellung erh\u00e4ltst du per E-Mail eine Rechnung mit dem Rechnungsbetrag. Deine Bestellung wird sofort bearbeitet, wenn deine Zahlung bei uns eingegangen ist. So \u00fcberwei\u00dft du richtig: Auf der Bestell\u00fcbersichtsseite kannst du die entsprechende Zahlungsart ausw\u00e4hlen Gib bitte als Verwendungszweck immer die Bestellnummer\u2026","rel":"","context":"\u00c4hnlicher Beitrag","block_context":{"text":"\u00c4hnlicher Beitrag","link":""},"img":{"alt_text":"","src":"","width":0,"height":0},"classes":[]},{"id":48453,"url":"https:\/\/www.alpakahof-hahn.at\/shop\/revocation_policy_for_digital_content\/","url_meta":{"origin":4079,"position":3},"title":"Revocation Policy for Digital Content","author":"Manuel Hahn","date":"23. November 2024","format":false,"excerpt":"Haftungshinweis: Das nachstehende Muster ist von einem Rechtsanwalt (https:\/\/drschwenke.de) entsprechend den typischen Anforderungen eines Onlineshops erstellt worden.\u00a0Jedoch sollten Sie das Muster nur\u00a0nach sorgf\u00e4ltiger Pr\u00fcfung und Anpassung auf Ihr konkretes Gesch\u00e4ftsmodell verwenden. Das nachfolgende Muster enth\u00e4lt daher zus\u00e4tzliche Hinweise, die Sie beachten m\u00fcssen und rote Passagen, die Sie besonders pr\u00fcfen und\u2026","rel":"","context":"\u00c4hnlicher Beitrag","block_context":{"text":"\u00c4hnlicher Beitrag","link":""},"img":{"alt_text":"","src":"","width":0,"height":0},"classes":[]},{"id":4871,"url":"https:\/\/www.alpakahof-hahn.at\/shop\/datenschutzerklaerung\/","url_meta":{"origin":4079,"position":4},"title":"Datenschutzerkl\u00e4rung","author":"Manuel Hahn","date":"13. Mai 2017","format":false,"excerpt":"Personenbezogene Daten (nachfolgend zumeist nur \u201eDaten\u201c genannt) werden von uns nur im Rahmen der Erforderlichkeit sowie zum Zwecke der Bereitstellung eines funktionsf\u00e4higen und nutzerfreundlichen Internetauftritts, inklusive seiner Inhalte und der dort angebotenen Leistungen, verarbeitet. Gem\u00e4\u00df Art. 4 Ziffer 1. der Verordnung (EU) 2016\/679, also der Datenschutz-Grundverordnung (nachfolgend nur \u201eDSGVO\u201c genannt),\u2026","rel":"","context":"\u00c4hnlicher Beitrag","block_context":{"text":"\u00c4hnlicher Beitrag","link":""},"img":{"alt_text":"","src":"","width":0,"height":0},"classes":[]},{"id":48451,"url":"https:\/\/www.alpakahof-hahn.at\/shop\/revocation\/","url_meta":{"origin":4079,"position":5},"title":"Revocation","author":"Manuel Hahn","date":"23. November 2024","format":false,"excerpt":"Haftungshinweis: Das nachstehende Muster ist von einem Rechtsanwalt (https:\/\/drschwenke.de) entsprechend den typischen Anforderungen eines Onlineshops erstellt worden.\u00a0Jedoch sollten Sie das Muster nur\u00a0nach sorgf\u00e4ltiger Pr\u00fcfung und Anpassung auf Ihr konkretes Gesch\u00e4ftsmodell verwenden. Das nachfolgende Muster enth\u00e4lt daher zus\u00e4tzliche Hinweise, die Sie beachten m\u00fcssen und rote Passagen, die Sie besonders pr\u00fcfen und\u2026","rel":"","context":"\u00c4hnlicher Beitrag","block_context":{"text":"\u00c4hnlicher Beitrag","link":""},"img":{"alt_text":"","src":"","width":0,"height":0},"classes":[]}],"_links":{"self":[{"href":"https:\/\/www.alpakahof-hahn.at\/shop\/wp-json\/wp\/v2\/pages\/4079","targetHints":{"allow":["GET"]}}],"collection":[{"href":"https:\/\/www.alpakahof-hahn.at\/shop\/wp-json\/wp\/v2\/pages"}],"about":[{"href":"https:\/\/www.alpakahof-hahn.at\/shop\/wp-json\/wp\/v2\/types\/page"}],"author":[{"embeddable":true,"href":"https:\/\/www.alpakahof-hahn.at\/shop\/wp-json\/wp\/v2\/users\/1"}],"replies":[{"embeddable":true,"href":"https:\/\/www.alpakahof-hahn.at\/shop\/wp-json\/wp\/v2\/comments?post=4079"}],"version-history":[{"count":8,"href":"https:\/\/www.alpakahof-hahn.at\/shop\/wp-json\/wp\/v2\/pages\/4079\/revisions"}],"predecessor-version":[{"id":48208,"href":"https:\/\/www.alpakahof-hahn.at\/shop\/wp-json\/wp\/v2\/pages\/4079\/revisions\/48208"}],"wp:featuredmedia":[{"embeddable":true,"href":"https:\/\/www.alpakahof-hahn.at\/shop\/wp-json\/wp\/v2\/media\/4429"}],"wp:attachment":[{"href":"https:\/\/www.alpakahof-hahn.at\/shop\/wp-json\/wp\/v2\/media?parent=4079"}],"curies":[{"name":"wp","href":"https:\/\/api.w.org\/{rel}","templated":true}]}}